--
-- Host: localhost    Database: phoroscope_db
-- ------------------------------------------------------


--
-- Current Database: `phoroscope_db`
--


--
-- Table structure for table `Country and States thai up`
--

CREATE TABLE `Country and States thai up` (
  `f1` varchar(255) DEFAULT NULL,
  `f2` varchar(255) DEFAULT NULL
) ENGINE=InnoDB DEFAULT CHARSET=utf8;

--
-- Dumping data for table `Country and States thai up`
--

INSERT INTO `Country and States thai up` VALUES ('ประเทศไทย',NULL),('Afghanistan',NULL),('Aland Islands',NULL),('Albania',NULL),('Algeria',NULL),('American Samoa',NULL),('Andorra',NULL),('Angola',NULL),('Anguilla',NULL),('Antigua and Barbuda',NULL),('Argentina',NULL),('Armenia',NULL),('Aruba',NULL),('Ascension Island',NULL),('Australia','Australian Capital Territory (ACT) with Canberra capital city'),('Australia','Lord Howe Island (New South Wales)'),('Australia','Macquarie Island (Tasmania)'),('Australia','New South Wales'),('Australia','Northern Territory'),('Australia','Queensland'),('Australia','South Australia'),('Australia','Tasmania'),('Australia','Victoria'),('Australia','Western Australia'),('Austria',NULL),('Azerbaijan',NULL),('Bahamas',NULL),('Bahrain',NULL),('Bangladesh',NULL),('Barbados',NULL),('Belarus',NULL),('Belgium',NULL),('Belize',NULL),('Benin',NULL),('Bermuda',NULL),('Bhutan',NULL),('Bolivia',NULL),('Bonaire',NULL),('Bosnia and Herzegovina',NULL),('Botswana',NULL),('Brazil','Acre'),('Brazil','Alagoas'),('Brazil','Amapa'),('Brazil','Amazonas'),('Brazil','Bahia'),('Brazil','Ceara'),('Brazil','Distrito Federal'),('Brazil','Espirito Santo'),('Brazil','Goias'),('Brazil','Maranhao'),('Brazil','Mato Grosso'),('Brazil','Mato Grosso do Sul'),('Brazil','Minas Gerais'),('Brazil','Para'),('Brazil','Paraiba'),('Brazil','Parana'),('Brazil','Pernambuco'),('Brazil','Piaui'),('Brazil','Rio de Janeiro'),('Brazil','Rio Grande do Norte'),('Brazil','Rio Grande do Sul'),('Brazil','Rondonia'),('Brazil','Roraima'),('Brazil','Santa Catarina'),('Brazil','Sao Paulo'),('Brazil','Sergipe'),('Brazil','small islands in Atlantic (Fernando de Noronha, Trindade)'),('Brazil','Southwest Amazonas'),('Brazil','Tocantins'),('British Indian Ocean Territory',NULL),('British Virgin Islands',NULL),('Brunei',NULL),('Bulgaria',NULL),('Burkina Faso',NULL),('Burundi',NULL),('Cabo Verde',NULL),('Cambodia',NULL),('Cameroon',NULL),('Canada','Alberta'),('Canada','British Columbia'),('Canada','Labrador, except of southeastern coast'),('Canada','Manitoba'),('Canada','New Brunswick'),('Canada','Newfoundland and southeastern coast of Labrador'),('Canada','Northwest Territories'),('Canada','Nova Scotia'),('Canada','Nunavut'),('Canada','Ontario'),('Canada','Prince Edward Island'),('Canada','Quebec'),('Canada','Saskatchewan'),('Canada','Yukon'),('Caribbean Netherlands',NULL),('Cayman Islands',NULL),('Central African Republic',NULL),('Chad',NULL),('Chatham Islands',NULL),('Chile','Easter Island'),('Chile','Magallanes Region'),('Chile','main territory'),('China',NULL),('Christmas Island',NULL),('Cocos (Keeling) Islands',NULL),('Colombia',NULL),('Comoros',NULL),('Congo, Dem. Rep.','eastern part'),('Congo, Dem. Rep.','western part'),('Congo, Republic of the',NULL),('Cook Islands',NULL),('Costa Rica',NULL),('Cote d\'Ivoire',NULL),('Croatia',NULL),('Cuba',NULL),('Curacao',NULL),('Cyprus',NULL),('Czech Republic',NULL),('Denmark',NULL),('Djibouti',NULL),('Dominica',NULL),('Dominican Republic',NULL),('Ecuador','Galapagos Province'),('Ecuador','main territory'),('Egypt',NULL),('El Salvador',NULL),('Equatorial Guinea',NULL),('Eritrea',NULL),('Estonia',NULL),('Eswatini (formerly Swaziland)',NULL),('Ethiopia',NULL),('Falkland Islands',NULL),('Faroe Islands',NULL),('Fiji',NULL),('Finland',NULL),('France',NULL),('French Guiana',NULL),('French Polynesia','Gambier Islands (France)'),('French Polynesia','Marquesas Islands (France)'),('French Polynesia','Tahiti Island (France)'),('Gabon',NULL),('Gambia',NULL),('Georgia',NULL),('Germany',NULL),('Ghana',NULL),('Gibraltar',NULL),('Greece',NULL),('Greenland','Danmarkshavn'),('Greenland','Ittoqqortoormiit'),('Greenland','most of'),('Greenland','Station Nord'),('Greenland','Thule Air Base'),('Grenada',NULL),('Guadeloupe',NULL),('Guam',NULL),('Guatemala',NULL),('Guernsey',NULL),('Guinea',NULL),('Guinea-Bissau',NULL),('Guyana',NULL),('Haiti',NULL),('Honduras',NULL),('Hong Kong',NULL),('Hungary',NULL),('Iceland',NULL),('India',NULL),('Indonesia','Central Kalimantan'),('Indonesia','East Kalimantan'),('Indonesia','Java Island'),('Indonesia','Lesser Sunda Islands'),('Indonesia','Maluku Islands'),('Indonesia','North Kalimantan'),('Indonesia','Papua'),('Indonesia','South Kalimantan'),('Indonesia','Sulawesi Island'),('Indonesia','Sumatra Island'),('Indonesia','West Kalimantan'),('Indonesia','West Papua'),('Iran',NULL),('Iraq',NULL),('Ireland',NULL),('Isle of Man',NULL),('Israel',NULL),('Italy',NULL),('Jamaica',NULL),('Japan',NULL),('Jersey',NULL),('Jordan',NULL),('Kazakhstan','eastern part'),('Kazakhstan','western part'),('Kenya',NULL),('Kerguelen Islands',NULL),('Kiribati','Gilbert Islands'),('Kiribati','Line Islands'),('Kiribati','Phoenix Islands'),('Kosovo',NULL),('Kuwait',NULL),('Kyrgyzstan',NULL),('Laos',NULL),('Latvia',NULL),('Lebanon',NULL),('Lesotho',NULL),('Liberia',NULL),('Libya',NULL),('Liechtenstein',NULL),('Lithuania',NULL),('Luxembourg',NULL),('Macau',NULL),('Macedonia',NULL),('Madagascar',NULL),('Malawi',NULL),('Malaysia',NULL),('Maldives',NULL),('Mali',NULL),('Malta',NULL),('Marshall Islands',NULL),('Martinique',NULL),('Mauritania',NULL),('Mauritius',NULL),('Mayotte',NULL),('Mexico','Chihuahua'),('Mexico','most of'),('Mexico','Nayarit'),('Mexico','Sinaloa'),('Mexico','state of Baja California'),('Mexico','state of Quintana Roo'),('Mexico','state of Sonora'),('Mexico','states of Baja California Sur'),('Micronesia','states of Chuuk and Yap'),('Micronesia','states of Kosrae and Pohnpei'),('Moldova',NULL),('Monaco',NULL),('Mongolia','Most of'),('Mongolia','provinces of Khovd, Uvs, Bayan-Olgii'),('Montenegro',NULL),('Montserrat',NULL),('Morocco',NULL),('Mozambique',NULL),('Myanmar (formerly Burma)',NULL),('Namibia',NULL),('Nauru',NULL),('Nepal',NULL),('Netherlands',NULL),('New Caledonia',NULL),('New Zealand',NULL),('Nicaragua',NULL),('Niger',NULL),('Nigeria',NULL),('Niue',NULL),('Norfolk Island',NULL),('North Korea',NULL),('Northern Mariana Islands',NULL),('Norway',NULL),('Oman',NULL),('Pakistan',NULL),('Palau',NULL),('Palestine',NULL),('Panama',NULL),('Papua New Guinea','Bougainville Island'),('Papua New Guinea','Most of'),('Paraguay',NULL),('Peru',NULL),('Philippines',NULL),('Pitcairn Islands',NULL),('Poland',NULL),('Portugal','Azores'),('Portugal','main territory'),('Puerto Rico',NULL),('Qatar',NULL),('Reunion',NULL),('Romania',NULL),('Russia','Altai Krai'),('Russia','Altai Republic'),('Russia','Amur Oblast'),('Russia','Arkhangelsk Oblast'),('Russia','Astrakhan Oblast'),('Russia','Belgorod Oblast'),('Russia','Bryansk Oblast'),('Russia','Chechen Republic'),('Russia','Chelyabinsk Oblast'),('Russia','Chukotka Autonomous Okrug'),('Russia','Chuvash Republic'),('Russia','Federal city'),('Russia','Irkutsk Oblast'),('Russia','Ivanovo Oblast'),('Russia','Jewish Autonomous Oblast'),('Russia','Kabardino-Balkar Republic'),('Russia','Kaliningrad Oblast'),('Russia','Kaluga Oblast'),('Russia','Kamchatka Krai'),('Russia','Karachay-Cherkess Republic'),('Russia','Kemerovo Oblast'),('Russia','Khabarovsk Krai'),('Russia','Khanty-Mansi Autonomous Okrug'),('Russia','Kirov Oblast'),('Russia','Komi Republic'),('Russia','Kostroma Oblast'),('Russia','Krasnodar Krai'),('Russia','Krasnoyarsk Krai'),('Russia','Kurgan Oblast'),('Russia','Kursk Oblast'),('Russia','Leningrad Oblast'),('Russia','Lipetsk Oblast'),('Russia','Magadan Oblast'),('Russia','Mari El Republic'),('Russia','Moscow Oblast'),('Russia','Murmansk Oblast'),('Russia','Nenets Autonomous Okrug'),('Russia','Nizhny Novgorod Oblast'),('Russia','Novgorod Oblast'),('Russia','Novosibirsk Oblast'),('Russia','Omsk Oblast'),('Russia','Orenburg Oblast'),('Russia','Oryol Oblast'),('Russia','Penza Oblast'),('Russia','Perm Krai'),('Russia','Primorsky Krai'),('Russia','Pskov Oblast'),('Russia','Republic of Adygea'),('Russia','Republic of Bashkortostan'),('Russia','Republic of Buryatia'),('Russia','Republic of Crimea'),('Russia','Republic of Dagestan'),('Russia','Republic of Ingushetia'),('Russia','Republic of Kalmykia'),('Russia','Republic of Karelia'),('Russia','Republic of Khakassia'),('Russia','Republic of Mordovia'),('Russia','Republic of North Ossetia-Alania'),('Russia','Republic of Tatarstan'),('Russia','Rostov Oblast'),('Russia','Ryazan Oblast'),('Russia','Sakha Republic'),('Russia','Sakhalin Oblast'),('Russia','Samara Oblast'),('Russia','Saratov Oblast'),('Russia','Smolensk Oblast'),('Russia','Stavropol Krai'),('Russia','Sverdlovsk Oblast'),('Russia','Tambov Oblast'),('Russia','Tomsk Oblast'),('Russia','Tula Oblast'),('Russia','Tuva Republic'),('Russia','Tver Oblast'),('Russia','Tyumen Oblast'),('Russia','Udmurt Republic'),('Russia','Ulyanovsk Oblast'),('Russia','Vladimir Oblast'),('Russia','Volgograd Oblast'),('Russia','Vologda Oblast'),('Russia','Voronezh Oblast'),('Russia','Yamalo-Nenets Autonomous Okrug'),('Russia','Yaroslavl Oblast'),('Russia','Zabaykalsky Krai'),('Rwanda',NULL),('Saba',NULL),('Saint Barthelemy',NULL),('Saint Helena',NULL),('Saint Kitts and Nevis',NULL),('Saint Lucia',NULL),('Saint Martin',NULL),('Saint Pierre and Miquelon',NULL),('Saint Vincent and the Grenadines',NULL),('Samoa',NULL),('San Marino',NULL),('Sao Tome and Principe',NULL),('Saudi Arabia',NULL),('Senegal',NULL),('Serbia',NULL),('Seychelles',NULL),('Sierra Leone',NULL),('Singapore',NULL),('Sint Eustatius',NULL),('Sint Maarten',NULL),('Slovakia',NULL),('Slovenia',NULL),('Solomon Islands',NULL),('Somalia',NULL),('South Africa',NULL),('South Georgia Island',NULL),('South Korea',NULL),('South Sudan',NULL),('Spain','Canary Islands'),('Spain','main territory'),('Sri Lanka',NULL),('Sudan',NULL),('Suriname',NULL),('Svalbard and Jan Mayen',NULL),('Sweden',NULL),('Switzerland',NULL),('Syria',NULL),('Taiwan',NULL),('Tajikistan',NULL),('Tanzania',NULL),('Timor-Leste',NULL),('Togo',NULL),('Tokelau',NULL),('Tonga',NULL),('Trinidad and Tobago',NULL),('Tristan da Cunha',NULL),('Tunisia',NULL),('Turkey',NULL),('Turkmenistan',NULL),('Turks and Caicos Islands',NULL),('Tuvalu',NULL),('Uganda',NULL),('Ukraine',NULL),('United Arab Emirates',NULL),('United Kingdom',NULL),('United States','Alabama'),('United States','Alaska'),('United States','Arizona'),('United States','Arkansas'),('United States','Baker Island and Howland Island'),('United States','California'),('United States','Colorado'),('United States','Connecticut'),('United States','Delaware'),('United States','District of Columbia'),('United States','Florida'),('United States','Georgia'),('United States','Hawaii'),('United States','Idaho'),('United States','Illinois'),('United States','Indiana'),('United States','Iowa'),('United States','Jarvis Island, Midway Atoll, Palmyra Atoll, and Kingman Reef'),('United States','Johnston Atoll'),('United States','Kansas'),('United States','Kentucky'),('United States','Louisiana'),('United States','Maine'),('United States','Maryland'),('United States','Massachusetts'),('United States','Michigan'),('United States','Minnesota'),('United States','Mississippi'),('United States','Missouri'),('United States','Montana'),('United States','Navassa Island'),('United States','Nebraska'),('United States','Nevada'),('United States','New Hampshire'),('United States','New Jersey'),('United States','New Mexico'),('United States','New York'),('United States','North Carolina'),('United States','North Dakota'),('United States','Ohio'),('United States','Oklahoma'),('United States','Oregon'),('United States','Pennsylvania'),('United States','Rhode Island'),('United States','South Carolina'),('United States','South Dakota'),('United States','Tennessee'),('United States','Texas'),('United States','Utah'),('United States','Vermont'),('United States','Virginia'),('United States','Wake Island'),('United States','Washington'),('United States','West Virginia'),('United States','Wisconsin'),('United States','Wyoming'),('Uruguay',NULL),('US Virgin Islands',NULL),('Uzbekistan',NULL),('Vanuatu',NULL),('Vatican City',NULL),('Venezuela',NULL),('Vietnam',NULL),('Wake Island',NULL),('Wallis and Futuna',NULL),('Yemen',NULL),('Zambia',NULL),('Zimbabwe',NULL);

--
-- Table structure for table `tb_abouts`
--

CREATE TABLE `tb_abouts` (
  `id` int(11) unsigned NOT NULL AUTO_INCREMENT,
  `about_language` varchar(16) DEFAULT NULL,
  `about_topic` varchar(255) DEFAULT NULL,
  `about_article` text,
  `about_image` varchar(255) DEFAULT NULL,
  `created_by` int(11) DEFAULT NULL,
  `created_at` datetime DEFAULT NULL,
  `updated_at` datetime DEFAULT NULL,
  PRIMARY KEY (`id`)
) ENGINE=InnoDB AUTO_INCREMENT=21 DEFAULT CHARSET=utf8;

--
-- Dumping data for table `tb_abouts`
--

INSERT INTO `tb_abouts` VALUES (16,'TH','เกี่ยวอาจารย์พยงค์','อาจารย์พยงค์ มีประสบการณ์ในการทำนายดวงชะตา รวมกว่า 40 ปี\r\nเริ่มศึกษาจากพระภิกษุสูงอายุ ซึ่งท่านได้มรณภาพแล้วและการศึกษา\r\nด้านโหราศาสตร์เพิ่มเติมจากหลากหลายที่มา\r\n\r\nประสบการณ์ที่ผ่านมา ได้เคยทำนายให้เจ้าของบริษัทมหาชน นักธุรกิจ\r\nในหลายอุตสาหกรรม นักการเมือง ข้าราชการ ดารา นักแสดง นักร้อง\r\nพิธีกร และ คนหลากหลายอาชีพ จำนวนมากในประเทศไทย','1536119253-XVW3k.PNG',NULL,'2018-09-04 15:42:37','2018-09-12 13:04:52'),(20,'EN','About Payong','Payong B.sampatanon has more than 40 years\r\nof experience in horoscope. He began his \r\nstudies with the old monk who already passed away,\r\nand take futher learning from many source.\r\n\r\nFrom his experience, he has foretold many lives\r\nmany owners of listed companies in Thailand,\r\nbig business leaders, politicians, government officers,\r\npopular actors and actresses, designers, singers\r\nand more than 10,000 people.','1536119381-vZey8.PNG',NULL,'2018-09-04 16:37:10','2018-09-05 10:49:42');

--
-- Table structure for table `tb_admin_menus`
--

CREATE TABLE `tb_admin_menus` (
  `id` int(10) unsigned NOT NULL AUTO_INCREMENT,
  `main_menu_id` int(11) DEFAULT NULL,
  `name` varchar(191) DEFAULT NULL,
  `icon` varchar(191) DEFAULT NULL,
  `link` varchar(191) DEFAULT NULL,
  `sort_id` double(8,2) DEFAULT '999.99',
  `show` enum('T','F') NOT NULL DEFAULT 'T',
  `created_at` timestamp NULL DEFAULT NULL,
  `updated_at` timestamp NULL DEFAULT NULL,
  PRIMARY KEY (`id`)
) ENGINE=InnoDB AUTO_INCREMENT=42 DEFAULT CHARSET=utf8;

--
-- Dumping data for table `tb_admin_menus`
--

INSERT INTO `tb_admin_menus` VALUES (3,0,'Profile',NULL,'profile',9.00,'F','2018-07-12 06:39:59','2018-09-17 03:06:02'),(4,0,'Logout','nav-icon fa fa-sign-out','logout',999.99,'T','2018-07-12 06:39:59','2018-10-02 01:25:05'),(7,0,'จัดการข้อมูลพื้นฐาน','nav-icon fa fa-list','Master',90.00,'T','2018-08-08 10:34:11','2018-10-02 01:25:58'),(8,7,'ธนาคาร',NULL,'BankAccount',NULL,'T','2018-08-08 10:37:03','2018-08-08 10:52:53'),(9,7,'ประเภทดูดวง',NULL,'OccasionTypes',NULL,'T','2018-08-08 10:38:53','2018-08-08 10:38:53'),(10,7,'ประเภทบริการ',NULL,'ServiceType',NULL,'T','2018-08-08 10:39:49','2018-08-08 10:39:49'),(11,7,'ประเภทอีเมล',NULL,'EmailType',NULL,'T','2018-08-08 10:40:50','2018-08-08 10:48:12'),(12,7,'อีเมล',NULL,'Email',NULL,'T','2018-08-08 10:41:20','2018-08-08 10:48:32'),(14,7,'รัฐ',NULL,'States',NULL,'T','2018-08-08 10:43:41','2018-09-22 07:58:09'),(15,7,'ประเทศ',NULL,'Countries',NULL,'T','2018-08-08 10:44:22','2018-08-08 10:48:55'),(17,0,'ดูดวงคนไทย',NULL,'Order',98.00,'T',NULL,'2018-08-17 03:54:09'),(19,22,'ฤกษ์จัดงานในประเทศไทย',NULL,'OrderOccasionThai',99.00,'T','2018-08-17 02:29:23','2018-09-14 03:46:54'),(20,23,'PayPal Completed',NULL,'OrderOccasionEng/PayPalComplete',100.00,'T','2018-08-17 03:46:24','2018-09-24 01:43:33'),(22,0,'ฤกษ์คนไทย',NULL,'ThaiPeople',102.00,'T','2018-08-17 03:50:27','2018-09-24 02:33:51'),(23,0,'การดูดวงต่างชาติ',NULL,'EngPeople',103.00,'T','2018-08-17 03:55:02','2018-08-17 03:55:02'),(27,0,'จัดการoffice','nav-icon fa fa-columns','Office',12.00,'T',NULL,'2018-10-02 01:31:59'),(29,22,'ฤกษ์จัดงานในต่างประเทศ',NULL,'OrderOccasionThai_Eng',104.00,'T','2018-09-14 03:41:09','2018-09-14 04:24:04'),(30,23,'คนที่กดปุ่ม PayPal หลังกรอกทั้งหมด',NULL,'OrderOccasionEng/PayPalClick',109.00,'T','2018-09-24 01:31:30','2018-09-24 02:46:58'),(31,23,'การตกหล่น',NULL,'OrderOccasionEng/PayPalMissOut',110.00,'T','2018-09-24 01:35:39','2018-09-24 02:50:28'),(33,0,'จัดการผู้ใช้งาน','nav-icon fa fa-user','AdminUser',11.00,'T','2018-10-09 01:58:32','2018-10-09 03:20:41'),(34,0,'บทความ','nav-icon fa fa-edit','Article',111.00,'T',NULL,'2018-11-20 03:53:25'),(35,0,'บทความด้านล่างเว็บ (ถาวร)','nav-icon fa fa-edit','Article_Permanent',112.00,'T',NULL,'2018-11-20 03:53:29'),(36,0,'link ปฏิทินโหราศาสตร์','nav-icon fa fa-link','Calendar',113.00,'T',NULL,'2018-11-20 03:54:15'),(37,0,'ตั้งชื่อลูก',NULL,'OrderChild',96.00,'T',NULL,NULL),(38,0,'เปลี่ยนชื่อมงคล',NULL,'OrderAusName',97.00,'T',NULL,NULL),(39,0,'อัลบั้มภาพ','nav-icon fa fa-image','Album',114.00,'T',NULL,NULL),(40,0,'SEO Home',NULL,'SEOHome',999.98,'T',NULL,NULL),(41,0,'SEO Calendar',NULL,'SEOCalendar',999.98,'T',NULL,NULL);

--
-- Table structure for table `tb_albums`
--

CREATE TABLE `tb_albums` (
  `id` int(11) NOT NULL AUTO_INCREMENT,
  `picture_l` varchar(255) DEFAULT NULL,
  `picture_s` varchar(255) DEFAULT NULL,
  `detail` varchar(255) DEFAULT NULL,
  `created_at` timestamp NULL DEFAULT NULL,
  `updated_at` timestamp NULL DEFAULT NULL ON UPDATE CURRENT_TIMESTAMP,
  PRIMARY KEY (`id`)
) ENGINE=InnoDB AUTO_INCREMENT=5 DEFAULT CHARSET=utf8;

--
-- Dumping data for table `tb_albums`
--

INSERT INTO `tb_albums` VALUES (1,'1542710847-wETKo.jpg','1542710749-j99H3.jpg','รูปภาพจะมีการเพิ่มเติมในลำดับต่อไป','2018-11-16 06:22:59','2018-11-20 10:47:29'),(3,'1542710827-kTl1N.jpg','1542710736-45QVP.jpg','รูปภาพจะมีการเพิ่มเติมในลำดับต่อไป','2018-11-16 07:03:45','2018-11-20 10:47:18'),(4,'1542861913-ARR2g.jpg','1542998317-KcKX9.jpg','<p>ลูกศิษย์ที่แวะมาพบอาจารย์พยงค์เสมอๆ ณ บ้านอาจารย์พยงค์<br />\r\nอนุญาตถ่ายเมื่อ 3 พ.ย. 61</p>','2018-11-16 07:04:00','2018-11-23 18:38:39');

--
-- Table structure for table `tb_article_permanents`
--

CREATE TABLE `tb_article_permanents` (
  `id` int(11) NOT NULL AUTO_INCREMENT,
  `article_topic` varchar(255) DEFAULT NULL,
  `article_detail` text,
  `article_image` varchar(255) DEFAULT NULL,
  `article_date` varchar(32) DEFAULT NULL,
  `article_view` int(11) DEFAULT NULL,
  `article_title` varchar(255) DEFAULT NULL,
  `article_description` text,
  `article_keyword` varchar(255) DEFAULT NULL,
  `article_author` varchar(255) DEFAULT NULL,
  `create_by` int(11) DEFAULT NULL,
  `created_at` datetime DEFAULT NULL,
  `updated_at` datetime DEFAULT NULL,
  PRIMARY KEY (`id`)
) ENGINE=InnoDB AUTO_INCREMENT=8 DEFAULT CHARSET=utf8;

--
-- Dumping data for table `tb_article_permanents`
--

INSERT INTO `tb_article_permanents` VALUES (1,'ประเภทและความหมายของฤกษ์','<p style=\"margin-left:0in; margin-right:0in\">&nbsp;</p>\r\n\r\n<p style=\"margin-left:0in; margin-right:0in\"><span style=\"color:null\"><span style=\"font-size:20px\"><span style=\"font-family:Times New Roman,Times,serif\">ฤกษ์ในทางโหราศาสตร์ไทย หลักใหญ่มีการแบ่งเป็น </span></span><span style=\"font-size:16px\"><span style=\"font-family:Times New Roman,Times,serif\">9</span></span><span style=\"font-size:20px\"><span style=\"font-family:Times New Roman,Times,serif\"> หมวด ดังนี้</span></span></span></p>\r\n\r\n<p style=\"margin-left:0in; margin-right:0in\">&nbsp;</p>\r\n\r\n<p style=\"margin-left:0in; margin-right:0in\"><span style=\"font-size:20px\"><span style=\"font-family:Times New Roman,Times,serif\"><strong>&nbsp; &nbsp;&nbsp; มหัทธโน &nbsp;&nbsp;</strong>นิสัยหัวการค้า ฉลาด เก่งในการสร้างฐานะ ประกอบการมงคลทุกอย่าง เศรษฐี ผู้นำทรัพย์และสร้างเงินทอง</span></span></p>\r\n\r\n<p style=\"margin-left:0in; margin-right:0in\"><span style=\"font-size:20px\"><span style=\"font-family:Times New Roman,Times,serif\"><strong>&nbsp; &nbsp;&nbsp; ราชาฤกษ์ &nbsp;&nbsp;</strong>บุคลิกเป็นใหญ่ มีความเป็นผู้นำ มีอำนาจ กล้าคิดกล้าทำ &nbsp;เหมาะประกอบการมงคล</span></span></p>\r\n\r\n<p style=\"margin-left:0in; margin-right:0in\"><span style=\"font-size:20px\"><span style=\"font-family:Times New Roman,Times,serif\"><strong>&nbsp; &nbsp;&nbsp; ภูมิปาโล &nbsp;&nbsp; </strong>นิสัยใจคออดทน ใช้ในการปลูกสร้างบ้านเรือน ทำการถาวรยาวนาน วางเสาหลักเมืองมั่นคง</span></span></p>\r\n\r\n<p style=\"margin-left:0in; margin-right:0in\"><span style=\"font-size:20px\"><span style=\"font-family:Times New Roman,Times,serif\"><strong>&nbsp; &nbsp;&nbsp; เทศาตรี &nbsp; &nbsp;</strong> ทำการเข้าออกรวดเร็ว ค้าขาย โรงมหรสพ ซ่องโสเภณี บันเทิง จัดเลี้ยง เก่งในทางต่างชาติ</span></span></p>\r\n\r\n<p style=\"margin-left:0in; margin-right:0in\"><span style=\"font-size:20px\"><span style=\"font-family:Times New Roman,Times,serif\"><strong>&nbsp; &nbsp;&nbsp; เทวีฤกษ์ &nbsp;&nbsp; </strong>ใช้สำหรับงานหรือสิ่งสวยงาม เป็นมงคลด้านความงาม รูปงาม</span></span></p>\r\n\r\n<p style=\"margin-left:0in; margin-right:0in\"><span style=\"font-size:20px\"><span style=\"font-family:Times New Roman,Times,serif\"><strong>&nbsp; &nbsp;&nbsp; สมโณ &nbsp; &nbsp;</strong>&nbsp; ใฝ่ดี พระ ใช้สำหรับบวช&nbsp; ในทางโลกคือความสงบเงียบ ซื่อ กิจการสันโดษ วังเวง ไร้ผู้คน</span></span></p>\r\n\r\n<p style=\"margin-left:0in; margin-right:0in\"><span style=\"font-size:20px\"><span style=\"font-family:Times New Roman,Times,serif\"><strong>&nbsp; &nbsp;&nbsp; ทฤทโธ &nbsp; &nbsp; </strong>ผู้ขอ ขัดสนทรัพย์ พึ่งพาการขอ คนยากจน&nbsp; ใช้ในการสู่ขอ ทวงหนี้ ทวงเงิน</span></span></p>\r\n\r\n<p style=\"margin-left:0in; margin-right:0in\"><span style=\"font-size:20px\"><span style=\"font-family:Times New Roman,Times,serif\"><strong>&nbsp; &nbsp;&nbsp; โจโร &nbsp; &nbsp; &nbsp; </strong>&nbsp; ก่อการเอาเปรียบ ปล้น แย่งชิง ตีเมือง ใช้ฤกษ์นี้ออกปล้นค่ายหรือโจมตีในทหาร</span></span></p>\r\n\r\n<p style=\"margin-left:0in; margin-right:0in\"><span style=\"font-size:20px\"><span style=\"font-family:Times New Roman,Times,serif\"><strong>&nbsp; &nbsp;&nbsp; เพชฌฆาต &nbsp; </strong>นิสัยนักเลง โผงผาง โหดเหี้ยม ชอบทำลาย ผู้ฆ่า ใช้สำหรับเวลาสังหาร ปล้นค่าย ปราบปราม รบ</span></span></p>\r\n\r\n<p style=\"margin-left:0in; margin-right:0in\">&nbsp;</p>\r\n\r\n<p style=\"margin-left:0in; margin-right:0in\"><span style=\"font-size:20px\"><span style=\"font-family:Times New Roman,Times,serif\">&nbsp; &nbsp;&nbsp; มหัทธโน ราชาฤกษ์ ภูมิปาโล เทวีฤกษ์ สมโณ และทฤทโธ&nbsp; จัดเป็นกลุ่มบูรณฤกษ์</span></span></p>\r\n\r\n<p style=\"margin-left:0in; margin-right:0in\"><span style=\"font-size:20px\"><span style=\"font-family:Times New Roman,Times,serif\">&nbsp; &nbsp;&nbsp; เทศาตรี&nbsp; เป็นพินทุฤกษ์ ฤกษ์แยก</span></span></p>\r\n\r\n<p style=\"margin-left:0in; margin-right:0in\"><span style=\"font-size:20px\"><span style=\"font-family:Times New Roman,Times,serif\">&nbsp; &nbsp;&nbsp; โจโร เพชฌฆาต&nbsp; เป็นฉินทฤกษ์ ฤกษ์ร้าย</span></span></p>\r\n\r\n<p><span style=\"font-size:20px\"><span style=\"font-family:Times New Roman,Times,serif\">&nbsp; &nbsp; &nbsp; &nbsp; &nbsp; &nbsp; &nbsp; &nbsp;&nbsp; ในองค์ประกอบข้างต้นนี้ จะมีฤกษ์ย่อยของแต่ละหมวดฤกษ์ เช่น ในมหัทธโนฤกษ์แบ่งเป็นกลุ่มภรณี กลุ่มบูรพผลคุนีและบูรพาษาฒ ทางภูมิปาโลก็แบ่งเป็นกลุ่มโรหิณี หัสตะและสราวณะ อย่างไรก็ตามการใช้พื้นดวงผูกประกอบกันเพื่อหาฤกษ์คลอดจะดีกว่าการตีความลักษณะนิสัยจากฤกษ์ย่อย</span></span></p>','1542780822-7PCwA.jpg','20/11/2561',1867,'ประเภทและความหมายของฤกษ์','ประเภทและความหมายของฤกษ์','ประเภทและความหมายของฤกษ์',NULL,NULL,'2018-10-30 15:52:12','2020-07-24 22:18:04'),(3,'ความสำคัญของฤกษ์คลอดบุตร กับดวงชะตาเกิดของทารก','<p>(เนื้อหาบทความอยู่ระหว่างจัดทำครับ)</p>','1542780807-reQ2D.jpg','20/11/2561',947,NULL,NULL,NULL,NULL,NULL,'2018-10-31 13:11:23','2020-07-24 13:18:50'),(4,'ฤกษ์แต่งงานพิธีแต่งงานกับชีวิตคู่','<p>(เนื้อหาบทความอยู่ระหว่างจัดทำครับ)</p>','1542780790-FobBQ.jpg','20/11/2561',971,NULL,NULL,NULL,NULL,NULL,'2018-10-31 13:11:53','2020-07-24 13:18:48'),(5,'ฤกษ์ขึ้นบ้านใหม่ การเริ่มต้นอยู่อาศัยและการไหว้เจ้าที่ในบ้าน','<p>(เนื้อหาบทความอยู่ระหว่างจัดทำครับ)</p>','1542788076-IOdg0.jpg','20/11/2561',811,NULL,NULL,NULL,NULL,NULL,'2018-10-31 13:12:38','2020-07-24 13:18:49'),(6,'ฤกษ์รับรถ สิ่งที่ต้องให้ความสำคัญ','<p>(เนื้อหาบทความอยู่ระหว่างจัดทำครับ)</p>','1542780762-fr8Ge.jpg','20/11/2561',629,NULL,NULL,NULL,NULL,NULL,'2018-10-31 13:13:12','2020-07-24 13:18:49'),(7,'ฤกษ์เปิดกิจการ การเริ่มต้นใช้สถานที่ เวลาที่เป็นมงคล','<p>(เนื้อหาบทความอยู่ระหว่างจัดทำครับ)</p>','1542780751-Ofp8l.jpg','20/11/2561',673,NULL,NULL,NULL,NULL,NULL,'2018-10-31 13:13:54','2020-07-24 13:18:48');

--
-- Table structure for table `tb_articles`
--

CREATE TABLE `tb_articles` (
  `id` int(11) NOT NULL AUTO_INCREMENT,
  `article_topic` varchar(255) DEFAULT NULL,
  `article_detail` text,
  `article_image` varchar(255) DEFAULT NULL,
  `article_date` varchar(32) DEFAULT NULL,
  `article_view` int(11) unsigned DEFAULT NULL,
  `article_title` varchar(255) DEFAULT NULL,
  `article_description` text,
  `article_keyword` varchar(255) DEFAULT NULL,
  `article_author` varchar(255) DEFAULT NULL,
  `create_by` int(11) DEFAULT NULL,
  `created_at` datetime DEFAULT NULL,
  `updated_at` datetime DEFAULT NULL,
  PRIMARY KEY (`id`)
) ENGINE=InnoDB AUTO_INCREMENT=7 DEFAULT CHARSET=utf8;

--
-- Dumping data for table `tb_articles`
--

INSERT INTO `tb_articles` VALUES (1,'ความสำคัญของโหราศาสตร์ ดูดวง ทำไมต้องดูดวง','<p><span style=\"color:#000099\">ท่านเคยสงสัยหรือไม่ว่าการกระทำของแต่ละคนที่เหมือนกันในช่วงเวลาเดียวกัน แต่ผลลัพธ์ของการกระทำกลับแตกต่างกันอย่างสิ้นเชิง</span></p>\r\n\r\n<p>&nbsp;</p>\r\n\r\n<p>การดูดวงเปรียบเสมือนการที่มีผู้นำทางบอกทางให้คุณเดินไปในหนทางที่เหมาะสมและในเวลาที่ถูกที่ควร หลายครั้งที่เหตุการณ์หนึ่งเกิดขึ้นกับตัวคุณแล้วในอดีตและย้อนกลับมาเกิดซ้ำอีกในเวลาต่อมาในอนาคต อาจจะแตกต่างกันที่สถานที่ แต่ผลลัพธ์แตกต่างกันเมื่อเรามีการวางแผนโดยใช้การดูดวงช่วยนำทาง<br />\r\nคุณเคยสงสัยไหมว่าในขณะที่ฝาแฝดหรือพี่น้องที่เกิดมาในตระกูลที่ร่ำรวยเหมือนกันแต่ทำไมดวงชะตาถึงแตกต่างกัน ทุกอย่างจึงมาจบที่ดวง</p>','1542950678-J5142.jpg','20/11/2561',722,NULL,NULL,NULL,NULL,NULL,'2018-11-20 22:00:34','2020-07-24 13:18:41'),(6,'ฤกษ์คลอดบุตรที่ผูกพันกับดวงและการเกิดของลูก','<p>ชีวิตมนุษย์เริ่มเกิดขึ้นจากการคลอด ตั้งแต่โบราณทุกครอบครัวต้องการลูกที่มีความฉลาด แต่ชีวิตและดวงของลูกขึ้นอยู่กับฤกษ์คลอดซึ่งคือเวลาเกิด บางครอบครัวได้ลูกดีก็ทำให้ชีวิตมีความรุ่งเรือง ช่วยเสริมกิจการครอบครัวรุ่งเรืองหรือเพิ่มความสุขให้กับพ่อแม่และช่วยดูแลพ่อแม่ในอนาคต ในทางกลับกันหากบุตรเกิดในฤกษ์คลอดที่ไม่ดี มีนิสัยรุนแรงก้าวร้าวก็จะทำให้คนๆนั้นมีลักษณะที่เป็นโทษ ฤกษ์คลอดหรือดวงเกิดของลูกก็มีอิทธิพลต่อสมาชิกในครอบครัว บางครอบครัวมีลูกหลายคนซึ่งแต่ละคนก็มีความสามารถมากน้อยแตกต่างกัน</p>\r\n\r\n<p>การดูฤกษ์คลอดจึงเหมือนเป็นการเตรียมความพร้อมให้แก่ลูกเปรียบเสมือนเป็นของขวัญชิ้นแรกของลูกเพราะเวลาเกิดนี้จะติดตัวและส่งผลกับเด็กคนนั้นตลอดไป คุณพ่อคุณแม่ทุกคนอยากได้ฤกษ์คลอดที่ช่วยสร้างสิริมงคลความร่ำรวยความผาสุกมากกว่าจะได้ฤกษ์คลอดที่ไม่เป็นมงคลให้กับลูก</p>\r\n\r\n<p>ท่านไม่อาจเปลี่ยนแปลงวันเกิดหรือดวงของท่านได้ แต่ท่านสามารถเตรียมการสำหรับดวงของลูกหรือฤกษ์คลอดได้<a href=\"https://phoroscope.com/\">ฤกษ์คลอด</a>เป็นสิ่งที่ถาวรและไม่สามารถเปลี่ยนแปลงหลังการเกิด เมื่อวันหนึ่งลูกโตขึ้นและได้รับรู้ว่าตนเองเกิดในฤกษ์คลอดที่ดีก็จะยิ่งทำให้ลูกรับรู้ความเอาใจใส่ที่บิดามารดามีให้ลูก ฤกษ์คลอดจึงส่งผลดีต่อดวงชะตาของลูกและจิตใจของลูก</p>','1543252801-zJC1U.jpg','26/11/2561',899,'ฤกษ์คลอด','ดูฤกษ์คลอด','ฤกษ์คลอด',NULL,NULL,'2018-11-26 21:31:28','2020-07-24 13:18:42');

--
-- Table structure for table `tb_bank_accounts`
--

CREATE TABLE `tb_bank_accounts` (
  `id` int(11) unsigned NOT NULL AUTO_INCREMENT COMMENT 'ไอดีบัญชีธนาคาร',
  `bank_account_code` varchar(15) DEFAULT NULL COMMENT 'เลขบัญชีธนาคาร',
  `bank_account_name` varchar(45) DEFAULT NULL COMMENT 'ชื่อธนาคาร',
  `bank_branch` varchar(255) DEFAULT NULL,
  `bank_name` varchar(255) DEFAULT NULL,
  `bank_picture` varchar(255) DEFAULT NULL,
  `bank_status` int(11) DEFAULT NULL COMMENT 'สถานะเปิด-ปิดใช้งาน',
  `created_by` int(11) unsigned DEFAULT NULL,
  `created_at` datetime DEFAULT NULL,
  `updated_at` timestamp NULL DEFAULT NULL,
  PRIMARY KEY (`id`),
  KEY `admin_user_bank_account_id` (`created_by`),
  CONSTRAINT `admin_user_bank_account_id` FOREIGN KEY (`created_by`) REFERENCES `tb_admin_users` (`id`) ON DELETE CASCADE ON UPDATE CASCADE
) ENGINE=InnoDB AUTO_INCREMENT=2 DEFAULT CHARSET=utf8;

--
-- Dumping data for table `tb_bank_accounts`
--

INSERT INTO `tb_bank_accounts` VALUES (1,'1212204399','นางสุภัค บูรณสัมปทานนท์','จรัญสนิทวงศ์ ซอย 48','ธนาคารไทยพาณิชย์','1539247413-qvm1A.jpg',1,NULL,'2018-08-08 18:30:40','2018-10-11 08:43:37');

--
-- Table structure for table `tb_calendars`
--

CREATE TABLE `tb_calendars` (
  `id` int(11) NOT NULL AUTO_INCREMENT,
  `calendar_name` varchar(255) DEFAULT NULL,
  `calendar_fyear` int(11) DEFAULT NULL,
  `calendar_lyear` int(11) DEFAULT NULL,
  `calendar_link` text,
  `calendar_status` int(11) DEFAULT NULL,
  `created_by` int(11) DEFAULT NULL,
  `created_at` datetime DEFAULT NULL,
  `updated_at` datetime DEFAULT NULL,
  PRIMARY KEY (`id`)
) ENGINE=InnoDB AUTO_INCREMENT=11 DEFAULT CHARSET=utf8;

--
-- Dumping data for table `tb_calendars`
--

INSERT INTO `tb_calendars` VALUES (1,'ปฏิทิน ข้างขึ้น ข้างแรม',2500,2510,'1543126402-I7D90.pdf',1,NULL,'2018-11-16 16:38:56','2018-11-25 13:13:23'),(2,'ปฏิทิน ข้างขึ้น ข้างแรม',2511,2520,'1543126412-qFLGy.pdf',1,NULL,'2018-11-16 16:40:01','2018-11-25 13:13:33'),(3,'ปฏิทิน ข้างขึ้น ข้างแรม',2521,2530,'1543126421-0jOqI.pdf',1,NULL,'2018-11-16 16:40:27','2018-11-25 13:13:42'),(4,'ปฏิทิน ข้างขึ้น ข้างแรม',2531,2540,'1543126430-KgfXK.pdf',1,NULL,'2018-11-16 16:40:48','2018-11-25 13:13:51'),(5,'ปฏิทิน ข้างขึ้น ข้างแรม',2541,2550,'1543126439-EJcoI.pdf',1,NULL,'2018-11-16 16:41:06','2018-11-25 13:14:00'),(6,'ปฏิทิน ข้างขึ้น ข้างแรม',2551,2560,'1543126449-foYok.pdf',1,NULL,'2018-11-16 16:41:18','2018-11-25 13:14:10'),(7,'ปฏิทิน ข้างขึ้น ข้างแรม',2561,2570,'1543126461-JftOo.pdf',1,NULL,'2018-11-16 16:41:32','2018-11-25 13:14:23'),(8,'ปฏิทิน ข้างขึ้น ข้างแรม',2571,2580,'1543126480-yufYV.pdf',1,NULL,'2018-11-16 16:41:43','2018-11-25 13:14:40'),(9,'ปฏิทิน ข้างขึ้น ข้างแรม',2581,2590,'1543126489-Cwp6v.pdf',1,NULL,'2018-11-16 16:41:59','2018-11-25 13:14:50'),(10,'ปฏิทิน ข้างขึ้น ข้างแรม',2591,2600,'1543126498-A0lB4.pdf',1,NULL,'2018-11-16 16:42:09','2018-11-25 13:14:59');

--
-- Table structure for table `tb_countries`
--

CREATE TABLE `tb_countries` (
  `id` int(11) unsigned NOT NULL AUTO_INCREMENT COMMENT 'ไอดีประเทศ',
  `name` varchar(45) DEFAULT NULL COMMENT 'ชื่อประเทศ',
  `created_by` int(11) DEFAULT NULL,
  `created_at` datetime DEFAULT NULL,
  `updated_at` datetime DEFAULT NULL,
  PRIMARY KEY (`id`)
) ENGINE=InnoDB AUTO_INCREMENT=253 DEFAULT CHARSET=utf8;

--
-- Dumping data for table `tb_countries`
--

INSERT INTO `tb_countries` VALUES (1,'Afghanistan',NULL,NULL,NULL),(2,'Aland Islands',NULL,NULL,NULL),(3,'Albania',NULL,NULL,NULL),(4,'Algeria',NULL,NULL,NULL),(5,'American Samoa',NULL,NULL,NULL),(6,'Andorra',NULL,NULL,NULL),(7,'Angola',NULL,NULL,NULL),(8,'Anguilla',NULL,NULL,NULL),(9,'Antigua and Barbuda',NULL,NULL,NULL),(10,'Argentina',NULL,NULL,NULL),(11,'Armenia',NULL,NULL,NULL),(12,'Aruba',NULL,NULL,NULL),(13,'Ascension Island',NULL,NULL,NULL),(14,'Australia',NULL,NULL,NULL),(15,'Austria',NULL,NULL,NULL),(16,'Azerbaijan',NULL,NULL,NULL),(17,'Bahamas',NULL,NULL,NULL),(18,'Bahrain',NULL,NULL,NULL),(19,'Bangladesh',NULL,NULL,NULL),(20,'Barbados',NULL,NULL,NULL),(21,'Belarus',NULL,NULL,NULL),(22,'Belgium',NULL,NULL,NULL),(23,'Belize',NULL,NULL,NULL),(24,'Benin',NULL,NULL,NULL),(25,'Bermuda',NULL,NULL,NULL),(26,'Bhutan',NULL,NULL,NULL),(27,'Bolivia',NULL,NULL,NULL),(28,'Bonaire',NULL,NULL,NULL),(29,'Bosnia and Herzegovina',NULL,NULL,NULL),(30,'Botswana',NULL,NULL,NULL),(31,'Brazil',NULL,NULL,NULL),(32,'British Indian Ocean Territory',NULL,NULL,NULL),(33,'British Virgin Islands',NULL,NULL,NULL),(34,'Brunei',NULL,NULL,NULL),(35,'Bulgaria',NULL,NULL,NULL),(36,'Burkina Faso',NULL,NULL,NULL),(37,'Burundi',NULL,NULL,NULL),(38,'Cabo Verde',NULL,NULL,NULL),(39,'Cambodia',NULL,NULL,NULL),(40,'Cameroon',NULL,NULL,NULL),(41,'Canada',NULL,NULL,NULL),(42,'Caribbean Netherlands',NULL,NULL,NULL),(43,'Cayman Islands',NULL,NULL,NULL),(44,'Central African Republic',NULL,NULL,NULL),(45,'Chad',NULL,NULL,NULL),(46,'Chatham Islands',NULL,NULL,NULL),(47,'Chile',NULL,NULL,NULL),(48,'China',NULL,NULL,NULL),(49,'Christmas Island',NULL,NULL,NULL),(50,'Cocos (Keeling) Islands',NULL,NULL,NULL),(51,'Colombia',NULL,NULL,NULL),(52,'Comoros',NULL,NULL,NULL),(53,'Congo, Dem. Rep.',NULL,NULL,NULL),(54,'Congo, Republic of the',NULL,NULL,NULL),(55,'Cook Islands',NULL,NULL,NULL),(56,'Costa Rica',NULL,NULL,NULL),(57,'Cote d\'Ivoire',NULL,NULL,NULL),(58,'Croatia',NULL,NULL,NULL),(59,'Cuba',NULL,NULL,NULL),(60,'Curacao',NULL,NULL,NULL),(61,'Cyprus',NULL,NULL,NULL),(62,'Czech Republic',NULL,NULL,NULL),(63,'Denmark',NULL,NULL,NULL),(64,'Djibouti',NULL,NULL,NULL),(65,'Dominica',NULL,NULL,NULL),(66,'Dominican Republic',NULL,NULL,NULL),(67,'Ecuador',NULL,NULL,NULL),(68,'Egypt',NULL,NULL,NULL),(69,'El Salvador',NULL,NULL,NULL),(70,'Equatorial Guinea',NULL,NULL,NULL),(71,'Eritrea',NULL,NULL,NULL),(72,'Estonia',NULL,NULL,NULL),(73,'Eswatini (formerly Swaziland)',NULL,NULL,NULL),(74,'Ethiopia',NULL,NULL,NULL),(75,'Falkland Islands',NULL,NULL,NULL),(76,'Faroe Islands',NULL,NULL,NULL),(77,'Fiji',NULL,NULL,NULL),(78,'Finland',NULL,NULL,NULL),(79,'France',NULL,NULL,NULL),(80,'French Guiana',NULL,NULL,NULL),(81,'French Polynesia',NULL,NULL,NULL),(82,'Gabon',NULL,NULL,NULL),(83,'Gambia',NULL,NULL,NULL),(84,'Georgia',NULL,NULL,NULL),(85,'Germany',NULL,NULL,NULL),(86,'Ghana',NULL,NULL,NULL),(87,'Gibraltar',NULL,NULL,NULL),(88,'Greece',NULL,NULL,NULL),(89,'Greenland',NULL,NULL,NULL),(90,'Grenada',NULL,NULL,NULL),(91,'Guadeloupe',NULL,NULL,NULL),(92,'Guam',NULL,NULL,NULL),(93,'Guatemala',NULL,NULL,NULL),(94,'Guernsey',NULL,NULL,NULL),(95,'Guinea',NULL,NULL,NULL),(96,'Guinea-Bissau',NULL,NULL,NULL),(97,'Guyana',NULL,NULL,NULL),(98,'Haiti',NULL,NULL,NULL),(99,'Honduras',NULL,NULL,NULL),(100,'Hong Kong',NULL,NULL,NULL),(101,'Hungary',NULL,NULL,NULL),(102,'Iceland',NULL,NULL,NULL),(103,'India',NULL,NULL,NULL),(104,'Indonesia',NULL,NULL,NULL),(105,'Iran',NULL,NULL,NULL),(106,'Iraq',NULL,NULL,NULL),(107,'Ireland',NULL,NULL,NULL),(108,'Isle of Man',NULL,NULL,NULL),(109,'Israel',NULL,NULL,NULL),(110,'Italy',NULL,NULL,NULL),(111,'Jamaica',NULL,NULL,NULL),(112,'Japan',NULL,NULL,NULL),(113,'Jersey',NULL,NULL,NULL),(114,'Jordan',NULL,NULL,NULL),(115,'Kazakhstan',NULL,NULL,NULL),(116,'Kenya',NULL,NULL,NULL),(117,'Kerguelen Islands',NULL,NULL,NULL),(118,'Kiribati',NULL,NULL,NULL),(119,'Kosovo',NULL,NULL,NULL),(120,'Kuwait',NULL,NULL,NULL),(121,'Kyrgyzstan',NULL,NULL,NULL),(122,'Laos',NULL,NULL,NULL),(123,'Latvia',NULL,NULL,NULL),(124,'Lebanon',NULL,NULL,NULL),(125,'Lesotho',NULL,NULL,NULL),(126,'Liberia',NULL,NULL,NULL),(127,'Libya',NULL,NULL,NULL),(128,'Liechtenstein',NULL,NULL,NULL),(129,'Lithuania',NULL,NULL,NULL),(130,'Luxembourg',NULL,NULL,NULL),(131,'Macau',NULL,NULL,NULL),(132,'Macedonia',NULL,NULL,NULL),(133,'Madagascar',NULL,NULL,NULL),(134,'Malawi',NULL,NULL,NULL),(135,'Malaysia',NULL,NULL,NULL),(136,'Maldives',NULL,NULL,NULL),(137,'Mali',NULL,NULL,NULL),(138,'Malta',NULL,NULL,NULL),(139,'Marshall Islands',NULL,NULL,NULL),(140,'Martinique',NULL,NULL,NULL),(141,'Mauritania',NULL,NULL,NULL),(142,'Mauritius',NULL,NULL,NULL),(143,'Mayotte',NULL,NULL,NULL),(144,'Mexico',NULL,NULL,NULL),(145,'Micronesia',NULL,NULL,NULL),(146,'Moldova',NULL,NULL,NULL),(147,'Monaco',NULL,NULL,NULL),(148,'Mongolia',NULL,NULL,NULL),(149,'Montenegro',NULL,NULL,NULL),(150,'Montserrat',NULL,NULL,NULL),(151,'Morocco',NULL,NULL,NULL),(152,'Mozambique',NULL,NULL,NULL),(153,'Myanmar (formerly Burma)',NULL,NULL,NULL),(154,'Namibia',NULL,NULL,NULL),(155,'Nauru',NULL,NULL,NULL),(156,'Nepal',NULL,NULL,NULL),(157,'Netherlands',NULL,NULL,NULL),(158,'New Caledonia',NULL,NULL,NULL),(159,'New Zealand',NULL,NULL,NULL),(160,'Nicaragua',NULL,NULL,NULL),(161,'Niger',NULL,NULL,NULL),(162,'Nigeria',NULL,NULL,NULL),(163,'Niue',NULL,NULL,NULL),(164,'Norfolk Island',NULL,NULL,NULL),(165,'North Korea',NULL,NULL,NULL),(166,'Northern Mariana Islands',NULL,NULL,NULL),(167,'Norway',NULL,NULL,NULL),(168,'Oman',NULL,NULL,NULL),(169,'Pakistan',NULL,NULL,NULL),(170,'Palau',NULL,NULL,NULL),(171,'Palestine',NULL,NULL,NULL),(172,'Panama',NULL,NULL,NULL),(173,'Papua New Guinea',NULL,NULL,NULL),(174,'Paraguay',NULL,NULL,NULL),(175,'Peru',NULL,NULL,NULL),(176,'Philippines',NULL,NULL,NULL),(177,'Pitcairn Islands',NULL,NULL,NULL),(178,'Poland',NULL,NULL,NULL),(179,'Portugal',NULL,NULL,NULL),(180,'Puerto Rico',NULL,NULL,NULL),(181,'Qatar',NULL,NULL,NULL),(182,'Reunion',NULL,NULL,NULL),(183,'Romania',NULL,NULL,NULL),(184,'Russia',NULL,NULL,NULL),(185,'Rwanda',NULL,NULL,NULL),(186,'Saba',NULL,NULL,NULL),(187,'Saint Barthelemy',NULL,NULL,NULL),(188,'Saint Helena',NULL,NULL,NULL),(189,'Saint Kitts and Nevis',NULL,NULL,NULL),(190,'Saint Lucia',NULL,NULL,NULL),(191,'Saint Martin',NULL,NULL,NULL),(192,'Saint Pierre and Miquelon',NULL,NULL,NULL),(193,'Saint Vincent and the Grenadines',NULL,NULL,NULL),(194,'Samoa',NULL,NULL,NULL),(195,'San Marino',NULL,NULL,NULL),(196,'Sao Tome and Principe',NULL,NULL,NULL),(197,'Saudi Arabia',NULL,NULL,NULL),(198,'Senegal',NULL,NULL,NULL),(199,'Serbia',NULL,NULL,NULL),(200,'Seychelles',NULL,NULL,NULL),(201,'Sierra Leone',NULL,NULL,NULL),(202,'Singapore',NULL,NULL,NULL),(203,'Sint Eustatius',NULL,NULL,NULL),(204,'Sint Maarten',NULL,NULL,NULL),(205,'Slovakia',NULL,NULL,NULL),(206,'Slovenia',NULL,NULL,NULL),(207,'Solomon Islands',NULL,NULL,NULL),(208,'Somalia',NULL,NULL,NULL),(209,'South Africa',NULL,NULL,NULL),(210,'South Georgia Island',NULL,NULL,NULL),(211,'South Korea',NULL,NULL,NULL),(212,'South Sudan',NULL,NULL,NULL),(213,'Spain',NULL,NULL,NULL),(214,'Sri Lanka',NULL,NULL,NULL),(215,'Sudan',NULL,NULL,NULL),(216,'Suriname',NULL,NULL,NULL),(217,'Svalbard and Jan Mayen',NULL,NULL,NULL),(218,'Sweden',NULL,NULL,NULL),(219,'Switzerland',NULL,NULL,NULL),(220,'Syria',NULL,NULL,NULL),(221,'Taiwan',NULL,NULL,NULL),(222,'Tajikistan',NULL,NULL,NULL),(223,'Tanzania',NULL,NULL,NULL),(224,'Timor-Leste',NULL,NULL,NULL),(225,'Togo',NULL,NULL,NULL),(226,'Tokelau',NULL,NULL,NULL),(227,'Tonga',NULL,NULL,NULL),(228,'Trinidad and Tobago',NULL,NULL,NULL),(229,'Tristan da Cunha',NULL,NULL,NULL),(230,'Tunisia',NULL,NULL,NULL),(231,'Turkey',NULL,NULL,NULL),(232,'Turkmenistan',NULL,NULL,NULL),(233,'Turks and Caicos Islands',NULL,NULL,NULL),(234,'Tuvalu',NULL,NULL,NULL),(235,'Uganda',NULL,NULL,NULL),(236,'Ukraine',NULL,NULL,NULL),(237,'United Arab Emirates',NULL,NULL,NULL),(238,'United Kingdom',NULL,NULL,NULL),(239,'United States',NULL,NULL,NULL),(240,'Uruguay',NULL,NULL,NULL),(241,'US Virgin Islands',NULL,NULL,NULL),(242,'Uzbekistan',NULL,NULL,NULL),(243,'Vanuatu',NULL,NULL,NULL),(244,'Vatican City',NULL,NULL,NULL),(245,'Venezuela',NULL,NULL,NULL),(246,'Vietnam',NULL,NULL,NULL),(247,'Wake Island',NULL,NULL,NULL),(248,'Wallis and Futuna',NULL,NULL,NULL),(249,'Yemen',NULL,NULL,NULL),(250,'Zambia',NULL,NULL,NULL),(251,'Zimbabwe',NULL,NULL,NULL),(252,'ประเทศไทย',NULL,NULL,NULL);

--
-- Table structure for table `tb_crud_permissions`
--

CREATE TABLE `tb_crud_permissions` (
  `id` int(10) unsigned NOT NULL AUTO_INCREMENT,
  `menu_id` int(10) unsigned NOT NULL DEFAULT '0',
  `admin_user_id` int(10) unsigned NOT NULL DEFAULT '0',
  `created` enum('T','F') NOT NULL DEFAULT 'T',
  `updated` enum('T','F') NOT NULL DEFAULT 'T',
  `deleted` enum('T','F') NOT NULL DEFAULT 'T',
  `created_at` timestamp NULL DEFAULT NULL,
  `updated_at` timestamp NULL DEFAULT NULL,
  `readed` enum('T','F') NOT NULL DEFAULT 'T',
  PRIMARY KEY (`id`),
  KEY `crud_permissions_menu_id_foreign` (`menu_id`),
  KEY `crud_permissions_admin_user_id_foreign` (`admin_user_id`),
  CONSTRAINT `crud_permissions_admin_user_id_foreign` FOREIGN KEY (`admin_user_id`) REFERENCES `tb_admin_users` (`id`) ON DELETE CASCADE ON UPDATE CASCADE,
  CONSTRAINT `crud_permissions_menu_id_foreign` FOREIGN KEY (`menu_id`) REFERENCES `tb_admin_menus` (`id`) ON DELETE CASCADE ON UPDATE CASCADE
) ENGINE=InnoDB AUTO_INCREMENT=51 DEFAULT CHARSET=utf8;

--
-- Dumping data for table `tb_crud_permissions`
--

INSERT INTO `tb_crud_permissions` VALUES (3,3,1,'F','F','F','2018-07-12 06:39:59','2018-10-09 02:29:46','F'),(4,4,1,'T','T','T','2018-07-12 06:39:59','2018-10-09 02:29:46','T'),(7,7,1,'T','T','T','2018-08-08 10:36:09','2018-10-09 02:29:46','T'),(8,8,1,'T','T','T','2018-08-08 10:45:11','2018-10-09 02:29:46','T'),(9,9,1,'T','T','T','2018-08-08 10:45:11','2018-10-09 02:29:46','T'),(10,10,1,'T','T','T','2018-08-08 10:45:11','2018-10-09 02:29:46','T'),(11,11,1,'T','T','T','2018-08-08 10:45:11','2018-10-09 02:29:46','T'),(12,12,1,'T','T','T','2018-08-08 10:45:11','2018-10-09 02:29:46','T'),(14,14,1,'T','T','T','2018-08-08 10:45:12','2018-10-09 02:29:46','T'),(15,15,1,'T','T','T','2018-08-08 10:45:12','2018-10-09 02:29:46','T'),(17,17,1,'T','T','T','2018-08-15 08:20:05','2018-10-09 02:29:46','T'),(19,19,1,'T','T','T','2018-08-17 02:29:51','2018-10-09 02:29:46','T'),(20,20,1,'T','T','T','2018-08-17 03:52:30','2018-10-09 02:29:46','T'),(22,22,1,'T','T','T','2018-08-17 03:52:30','2018-10-09 02:29:46','T'),(23,23,1,'T','T','T','2018-08-17 03:56:17','2018-10-09 02:29:46','T'),(27,27,1,'T','T','T',NULL,'2018-10-09 02:29:46','T'),(33,33,1,'T','T','T',NULL,'2018-10-09 02:29:46','T'),(34,29,1,'T','T','T','2018-10-09 02:29:46','2018-10-09 02:29:46','T'),(35,30,1,'T','T','T','2018-10-09 02:29:46','2018-10-09 02:29:46','T'),(36,31,1,'T','T','T','2018-10-09 02:29:46','2018-10-09 02:29:46','T'),(37,34,1,'T','T','T',NULL,NULL,'T'),(38,35,1,'T','T','T',NULL,NULL,'T'),(39,36,1,'T','T','T',NULL,NULL,'T'),(40,37,1,'T','T','T',NULL,NULL,'T'),(41,38,1,'T','T','T',NULL,NULL,'T'),(42,39,1,'T','T','T',NULL,NULL,'T'),(43,7,2,'F','F','F','2018-12-06 07:30:52','2018-12-07 08:06:36','F'),(44,34,2,'T','T','T','2018-12-06 07:30:52','2018-12-07 08:06:36','T'),(45,35,2,'T','T','T','2018-12-06 07:30:52','2018-12-07 08:06:36','T'),(46,36,2,'T','T','T','2018-12-06 07:30:52','2018-12-07 08:06:36','T'),(47,4,2,'T','T','T','2018-12-06 07:32:01','2018-12-07 08:06:36','T'),(48,27,2,'T','T','T','2018-12-06 07:32:01','2018-12-07 08:06:36','T'),(49,40,2,'T','T','T','2018-12-07 08:05:57','2018-12-07 08:06:36','T'),(50,41,2,'T','T','T','2018-12-07 08:05:57','2018-12-07 08:06:36','T');

--
-- Table structure for table `tb_email_types`
--

CREATE TABLE `tb_email_types` (
  `id` int(11) unsigned NOT NULL AUTO_INCREMENT COMMENT 'ไอดีประเภทอีเมลล์',
  `name` varchar(45) DEFAULT NULL COMMENT 'A=auto , S=sendfile',
  `created_at` datetime DEFAULT NULL,
  `updated_at` datetime DEFAULT NULL,
  PRIMARY KEY (`id`)
) ENGINE=InnoDB AUTO_INCREMENT=8 DEFAULT CHARSET=utf8;

--
-- Dumping data for table `tb_email_types`
--

INSERT INTO `tb_email_types` VALUES (1,'ส่งไฟล์ (ต่างชาติ)','2018-09-14 16:43:24','2018-09-14 16:44:24'),(2,'ส่งไฟล์กรณีดูดวง (คนไทย)','2018-09-14 17:10:00','2018-09-14 17:10:00'),(3,'ส่งไฟล์กรณีฤกษ์ (คนไทย)','2018-09-14 17:10:10','2018-09-14 17:10:10'),(4,'ส่งตอบกลับแจ้งการชำระเงิน (คนไทย)','2018-09-14 17:10:42','2018-09-14 17:10:42'),(5,'ส่งตอบกลับแจ้งการชำระเงิน (ต่างชาติ)','2018-09-14 17:10:59','2018-09-14 17:10:59'),(6,'ส่งไฟล์กรณีตั้งชื่อลูก (คนไทย)',NULL,NULL),(7,'ส่งไฟล์กรณีเปลี่ยนชื่อมงคล (คนไทย)',NULL,NULL);

--
-- Table structure for table `tb_emails`
--

CREATE TABLE `tb_emails` (
  `id` int(11) unsigned NOT NULL AUTO_INCREMENT COMMENT 'ไอดีอีเมลล์',
  `topic` text COMMENT 'หัวข้ออีเมลล์',
  `message` text COMMENT 'ข้อความ',
  `topic_send` text,
  `message_send` text,
  `type` int(11) DEFAULT NULL,
  `status` int(11) DEFAULT NULL,
  `created_by` int(11) DEFAULT NULL,
  `created_at` datetime DEFAULT NULL,
  `updated_at` datetime DEFAULT NULL,
  PRIMARY KEY (`id`)
) ENGINE=InnoDB AUTO_INCREMENT=14 DEFAULT CHARSET=utf8;

--
-- Dumping data for table `tb_emails`
--

INSERT INTO `tb_emails` VALUES (7,'ส่งตอบกลับการแจ้งการชำระเงิน','สวัสดีครับ\r\n\r\nทางเว็บไซต์อาจารย์พยงค์ (Payong Horoscope) ได้รับข้อมูลการแจ้งโอนเงินแล้วครับ\r\n\r\nอาจารย์พยงค์\r\n\r\n(เนื่องจาก e-mail นี้เป็น autoreply ที่แจ้งข้อมูลอย่างเดียว หากพบปัญหาการกรอกข้อมูลหรือการใช้งานเว็บไซต์ สามารถติดต่อ 062 9519698 ครับ)',NULL,NULL,4,1,NULL,'2018-09-24 16:49:08','2018-10-11 13:59:03'),(8,'Horoscope Report (Payong horoscope)','With reference to your contact in Payong Horoscope website.\r\n\r\nI have already sent you the horoscope report as attachment of this email.\r\n\r\n\r\nYours faithfully,\r\nPayong B.',NULL,NULL,1,1,NULL,'2018-09-24 16:49:52','2018-10-07 08:14:34'),(9,'เอกสารฤกษ์  อาจารย์พยงค์','สวัสดีครับ ผมนำเอกสารฤกษ์มาส่งให้\r\n\r\n\r\nฤกษ์แต่ละแบบจะมีหมายเหตุรายละเอียดเพิ่มเติมแตกต่างกัน ตามด้านล่างครับ\r\n\r\n(กรณีฤกษ์คลอดบุตร ฤกษ์ที่ให้จะเน้นความฉลาด ความเก่งของลูก\r\n\r\nในใบฤกษ์แต่งงาน ประกอบด้วย แห่ขันหมาก พิธีหมั้น และสวมแหวน\r\n\r\nสำหรับใบฤกษ์ขึ้นบ้านใหม่ ใช้ในการย้ายของเข้าบ้านครั้งแรก โดยให้ทำบุญไหว้พระและเจ้าที่ให้อยู่ในเวลาครับ\r\n\r\nฤกษ์รับรถยนต์ ให้ใช้เป็นเวลาครั้งแรกที่เริ่มขับรถคันนั้น\r\n\r\nกรณีฤกษ์เปิดกิจการ ใช้สำหรับการทำพิธีเปิดหรือการเปิดครั้งแรก ให้ไหว้พระ ไหว้เจ้าที่ในช่วงเวลานั้น)\r\n\r\nฤกษ์มงคล วันเวลาที่ให้จะเสริมเงินทอง ความร่ำรวย ความมั่นคง อำนาจ\r\n\r\nฤกษ์ในโหราศาสตร์ไทยมีทั้งกลางวันกลางคืน ผมได้คัดเลือกเวลาฤกษ์ส่วนใหญ่ในช่วงกลางวันเพื่อถูกกาลเทศะการใช้ อาจมีบางส่วนบางเวลาที่ให้ตรงกับกลางคืนหรือกลางดึก ก็ขอให้คุณเลือกกะเกณฑ์อีกครั้งครับ \r\n\r\nอาจารย์พยงค์',NULL,NULL,3,1,NULL,'2018-09-24 16:50:03','2018-11-30 19:18:15'),(10,'เอกสารดูดวงชะตา อาจารย์พยงค์','สวัสดีครับ\r\n\r\nผมส่งเอกสารดูดวงแนบในจดหมายฉบับนี้ครับ\r\n\r\nทั้งนี้เนื่องจากไม่แน่ใจว่าทางคุณจะสอบถามเจาะลึกด้านใด ผมจึงกล่าวโดยภาพรวมในสาระสำคัญครับ\r\n\r\n\r\nอาจารย์พยงค์',NULL,NULL,2,1,NULL,'2018-09-25 11:20:48','2018-10-11 14:29:10'),(11,'Autoreply (Payong Horoscope)','This is autoreply e-mail to confirm your transaction.\r\n\r\n\r\nThank you for your contact in www.phoroscope.com\r\n\r\nWe will send the horoscope report soon within 2-3 days. In some cases or sometimes that perhaps we are very busy that may cause some lately, but we try our best to do as fast as we can.\r\n\r\n\r\nPayong Horoscope',NULL,NULL,5,1,NULL,'2018-09-25 11:21:04','2018-10-07 08:08:49'),(12,'เอกสารตั้งชื่อลูก อาจารย์พยงค์','สวัสดีครับ\r\n\r\nเอกสารตั้งชื่อลูก แนบในจดหมายฉบับนี้ครับ\r\n\r\nในเอกสารที่ผมส่งนี้จะมี 10 ชื่อมงคลให้ทางคุณพ่อคุณแม่สามารถเลือกได้ตามความชอบ หากต้องการชื่อให้มีลักษณะหรือความหมายแบบใดในใจเป็นพิเศษ สามารถติดต่อเพิ่มเติมได้ที่ 062 9519698 ครับ\r\n\r\nอาจารย์พยงค์',NULL,NULL,6,1,NULL,NULL,'2018-11-28 21:18:41'),(13,'เอกสารเปลี่ยนชื่อมงคล อาจารย์พยงค์','สวัสดีครับ\r\n\r\nเอกสารเปลี่ยนชื่อมงคล แนบในจดหมายฉบับนี้ครับ\r\n\r\nในเอกสารที่ผมส่งนี้จะมี 10 ชื่อมงคลให้คุณสามารถเลือกได้ตามความชอบครับ หากต้องการชื่อให้มีลักษณะหรือความหมายแบบใดในใจเป็นพิเศษ สามารถติดต่อเพิ่มเติมได้ที่ 062 9519698\r\n\r\nอาจารย์พยงค์',NULL,NULL,7,1,NULL,NULL,'2018-11-28 21:19:37');

--
-- Table structure for table `tb_migrations`
--

CREATE TABLE `tb_migrations` (
  `id` int(10) unsigned NOT NULL AUTO_INCREMENT,
  `migration` varchar(191) NOT NULL,
  `batch` int(11) NOT NULL,
  PRIMARY KEY (`id`)
) ENGINE=InnoDB AUTO_INCREMENT=11 DEFAULT CHARSET=utf8;

--
-- Dumping data for table `tb_migrations`
--

INSERT INTO `tb_migrations` VALUES (1,'2014_10_12_000000_create_users_table',1),(2,'2014_10_12_100000_create_password_resets_table',1),(3,'2017_11_12_081954_create_table_admin_user',1),(4,'2017_11_12_082518_create_table_admin_menu',1),(5,'2017_11_12_083106_create_username_admin',1),(6,'2017_11_12_084329_insert_default_value_admin_menus',1),(7,'2017_11_23_153942_create_table_crud_permission',1),(8,'2017_11_23_155043_default_crud_admin',1),(9,'2017_12_01_153239_add_field_read_table_crud_permission',1),(10,'2017_12_02_025948_add_field_photo_profile_table_admin_user',1);

--
-- Table structure for table `tb_occasion_types`
--

CREATE TABLE `tb_occasion_types` (
  `id` int(11) unsigned NOT NULL AUTO_INCREMENT COMMENT 'ไอดีประเภทฤกษ์',
  `name` varchar(255) DEFAULT NULL COMMENT 'ชื่อฤกษ์',
  `picture` varchar(255) DEFAULT NULL,
  `charge` int(11) DEFAULT NULL COMMENT 'ค่าบริการ',
  `detail` text,
  `service_type` int(11) DEFAULT NULL,
  `created_by` int(11) DEFAULT NULL,
  `created_at` datetime DEFAULT NULL,
  `updated_at` datetime DEFAULT NULL,
  PRIMARY KEY (`id`)
) ENGINE=InnoDB AUTO_INCREMENT=10 DEFAULT CHARSET=utf8;

--
-- Dumping data for table `tb_occasion_types`
--

INSERT INTO `tb_occasion_types` VALUES (1,'บริการโหราศาสตร์','1542992959-pq6FX.jpg',500,'ศาสตร์การดูดวงของอาจารย์พยงค์ ประกอบด้วยหลักโหราศาสตร์โบราณสี่แขนง ได้แก่ สิบลัคนา ทักษาจร โหรทายหนู เลขเจ็ดตัวเก้าฐาน และประกอบกับประสบการณ์การทำนายตลอดสี่สิบปีให้กับบุคคลจำนวนหลายหมื่นคน\r\nเพื่ออธิบายและให้ข้อมูลการตัดสินใจในการแก้ปัญหาชีวิตและธุรกิจ',1,NULL,'2018-08-08 18:35:30','2018-11-25 20:32:40'),(2,'ฤกษ์คลอดบุตร','1542984658-2EFbl.jpg',900,'ฤกษ์คลอดบุตรใช้ทุกวิชาในทางโหราศาสตร์ไทย เพื่อการคัดเลือกวันเวลาเกิดของลูกที่ดีที่สุด รวมทั้งใช้สิบลัคนา เลขเจ็ดตัวเก้าฐาน และทักษาจร ประกอบในการผูกดวงขึ้นมาทีละช่วงเวลาในระหว่างแต่ละวัน เพื่อให้ได้วันเวลาเกิดที่ดี เพื่อให้ลูกมีบุคลิกและความสามารถ ฉลาด ขยัน มีปฏิภาณไหวพริบ นิสัยดี เก่ง มีความสมบูรณ์ในวัยเด็ก ตลอดถึงเก่งในการทำงานในช่วงวัยกลางคน โดยได้รวมกับประสบการณ์ที่ยาวนานกว่าสี่สิบปีของอาจารย์พยงค์ซึ่งได้ดูดวงชีวิตคนหลายหมื่นคนมาเสริม เพื่อหาช่วงเวลาฤกษ์คลอดที่ให้ผลดีกับลูกที่สุด ศาสตร์ที่ใช้ร่วมกันทั้งสิบลัคนา เลขเจ็ดตัวเก้าฐาน และทักษาจร แม่นยำกว่าการใช้ลัคนาเดียวหรือลัคนาสมพงษ์ที่ทำกันทั่วไป อาจารย์พยงค์ได้ใช้ทั้งการดูดวงและฤกษ์ควบคู่กันในการหาเวลาและวันเกิด',1,NULL,'2018-08-08 18:36:23','2018-11-29 01:27:50'),(3,'ฤกษ์แต่งงาน','1542994670-pN1da.jpg',500,'ฤกษ์แต่งงานเป็นเวลาแห่งการเริ่มต้นชีวิตคู่ จึงมีความสำคัญและมีส่วนสำคัญต่อการครองคู่ ซึ่งในทางโหราศาสตร์ไทยสัมพันธ์กับฤกษ์มงคลที่มีมานับแต่สมัยอดีตกาล เพราะชีวิตคู่เป็นสิ่งที่มีอิทธิพลต่อชีวิตและทุกคู่ย่อมอยากอยู่เป็นคู่ครองยืนยาว จากประสบการณ์ของอาจารย์พยงค์ที่ได้พบปะคนจำนวนมากทำให้พบว่าคู่ที่ได้แต่งงานในฤกษ์ที่เป็นมงคลเกือบทั้งหมดจะได้รับผลดีกับชีวิตคู่มากกว่าการแต่งงานในฤกษ์ที่ไม่ดี   การเริ่มต้นชีวิตคู่ในเวลาที่เหมาะสมจึงเป็นสิ่งสำคัญมาก',1,NULL,'2018-08-08 18:36:34','2018-11-24 00:37:53'),(4,'ฤกษ์ขึ้นบ้านใหม่','1543037806-jHsdX.jpg',500,'ฤกษ์ขึ้นบ้านใหม่เป็นเวลาเริ่มต้นแห่งการใช้สถานที่เป็นที่อาศัยและเวลาในชีวิตส่วนใหญ่ของเจ้าชะตาจะใช้เวลาพักผ่อนอยู่ในบ้าน ดังนั้นการใช้ฤกษ์เวลาที่เป็นสิริมงคลในการเข้าอยู่อาศัยและการกราบไหว้สิ่งศักดิ์สิทธิ์ย่อมช่วยหนุนให้เจ้าของบ้านมีความรุ่งเรืองในการทำการค้าขาย หากใช้เพื่ออยู่อาศัยก็สร้างความสงบสุข',1,NULL,'2018-08-08 18:37:06','2018-11-24 12:36:47'),(5,'ฤกษ์รับรถยนต์','1543035057-lTw3L.jpg',500,'ฤกษ์รับรถยนต์ การเลือกเวลาที่เป็นสิริมงคลฤกษ์งามยามดี สำหรับหลายคนแล้วรถก็เหมือนลูก เป็นปัจจัยที่อยู่คู่กับชีวิตของคนขับ การออกรถโดยให้ความสำคัญกับเรื่องฤกษ์ยามก็เหมือนสิ่งเสริมที่มองไม่เห็น ช่วยทำให้ทุกอย่างราบรื่น เสริมให้เกิดสิ่งที่ดีในการเดินทางหรือการใช้งานรถยนต์เพื่อการประกอบอาชีพ',1,NULL,'2018-08-08 18:37:20','2018-11-24 11:50:59'),(6,'ฤกษ์เปิดกิจการ','1542984093-hDhLj.jpg',500,'ฤกษ์เปิดกิจการเป็นเวลาเริ่มต้นการค้าขาย ที่ในยุคนี้ต้องอาศัยทั้งดวงและฝีมือพร้อมกัน เนื่องจากมีการแข่งขันสูง ดังนั้นการเปิดกิจการในฤกษ์ที่เป็นมงคลย่อมช่วยหนุนให้เกิดโอกาสดีๆเข้ามาในร้านหรือกิจการ',1,NULL,'2018-08-08 18:37:31','2018-11-23 21:44:27'),(7,'Private Horoscope','1543028228-ner1H.jpg',30,NULL,2,NULL,NULL,'2018-11-24 09:57:13'),(8,'ตั้งชื่อลูก','1542791965-THrjH.jpg',900,'ตั้งชื่อลูกตามหลักโหราศาสตร์ไทยสำคัญ โดยใช้ทุกวิชาและตรงตามศาสตร์การตั้งชื่อทางตำราพรหมชาติ อาจารย์พยงค์และภรรยาช่วยกันคัดเลือกชื่อลูกที่ตรงตามหลักมงคลในทางโหราศาสตร์หลายสาขา ชื่อมีความหมายดี ฟังแล้วทันสมัยและน่ารัก ครบทุกองค์ประกอบเพื่อให้กับลูก โดยให้ชื่อที่ดีที่สุดจำนวน 10 ชื่อที่หลากหลาย เพื่อให้คุณพ่อคุณแม่ได้เลือกต่อตามความชอบ',1,NULL,NULL,'2018-11-21 16:19:27'),(9,'เปลี่ยนชื่อมงคล','1543050967-NYcHK.jpg',900,'เปลี่ยนชื่อมงคล ตามหลักทักษาโหราศาสตร์ไทย ชื่อจริงเป็นสิ่งที่ใช้ระบุตัวตนของเจ้าชะตาและใช้เพื่อแสดงในทุกเอกสารที่มีการติดต่อ การให้ความสำคัญกับองค์ประกอบของชื่อจึงเป็นสิ่งที่เพิ่มความเป็นสิริมงคลให้กับเจ้าของชื่อ การเปลี่ยนชื่ออาจารย์พยงค์จะคัดเลือกชื่อที่ดีทั้งความหมายและดีที่สุดในทางองค์ประกอบโหราศาสตร์หลายสาขา โดยใช้วันเวลาเกิดที่ละเอียดประกอบ เพื่อให้ได้ชื่อที่เหมาะสมที่สุดให้ 10 ชื่อ เจ้าของชะตาสามารถเลือกตามความชอบต่อได้',1,NULL,NULL,'2018-11-24 16:16:09');

--
-- Table structure for table `tb_offices`
--

CREATE TABLE `tb_offices` (
  `id` int(11) unsigned NOT NULL AUTO_INCREMENT,
  `language` varchar(16) DEFAULT NULL,
  `head_logo` varchar(255) DEFAULT NULL,
  `head_text` varchar(255) DEFAULT NULL,
  `footer_pri` varchar(255) DEFAULT NULL,
  `footer_sec` varchar(255) DEFAULT NULL,
  `status` int(11) DEFAULT NULL,
  `created_by` int(11) DEFAULT NULL,
  `created_at` datetime DEFAULT NULL,
  `updated_at` datetime DEFAULT NULL,
  PRIMARY KEY (`id`)
) ENGINE=InnoDB AUTO_INCREMENT=43 DEFAULT CHARSET=utf8;

--
-- Dumping data for table `tb_offices`
--

INSERT INTO `tb_offices` VALUES (41,'TH','1542989507-10LNl.jpg','อาจารย์พยงค์ ประสบการณ์โหราศาสตร์ ๔๐ ปี','© 2018-2019  Payong Horoscope','สงวนลิขสิทธิ์ © พ.ศ. 2562 โดยอาจารย์พยงค์ (Payong Horoscope)',1,NULL,'2018-09-04 10:36:53','2019-02-14 16:30:34'),(42,'EN','1536034466-HJU3j.jpg','40 YEARS OF EXPERIENCE WITH HOROSCOPE','© 2018-2019  Payong Horoscope','สงวนลิขสิทธิ์ © พ.ศ. 2562 โดยอาจารย์พยงค์ (Payong Horoscope)',1,NULL,'2018-09-04 10:41:26','2019-02-01 11:25:50');

--
-- Table structure for table `tb_orders`
--

CREATE TABLE `tb_orders` (
  `id` int(10) unsigned NOT NULL AUTO_INCREMENT COMMENT 'ไอดีการสั่งซื้อ ',
  `order_code` varchar(45) DEFAULT NULL COMMENT 'รหัสการสั่งซื้อ Ex.000000001',
  `amount` decimal(10,2) DEFAULT NULL COMMENT 'จำนวนเงิน',
  `picture_slip` text COMMENT 'รูปภาพ slip',
  `bank_account_id` int(11) unsigned DEFAULT NULL COMMENT 'ไอดีบัญชีธนาคาร',
  `status_received_money` enum('I','E','C') DEFAULT 'I' COMMENT 'สถานะจ่ายเงินแล้ว (C=Completed,I=Incomplete,E=Miss Out)',
  `code_to_send` varchar(45) DEFAULT NULL COMMENT 'ชื่อรหัสที่จะส่ง',
  `file_name` varchar(255) DEFAULT NULL COMMENT 'ไฟล์ PDF',
  `send_file` enum('I','C') DEFAULT 'I' COMMENT 'ส่งไฟล์ (C=Completed,I=Incomplete)',
  `occasion_type_id` int(11) unsigned DEFAULT NULL COMMENT 'ไอดีประเภทฤกษ์',
  `country_id` int(11) unsigned DEFAULT NULL COMMENT 'ไอดีประเทศ',
  `date_event` varchar(32) DEFAULT NULL COMMENT 'เดือนที่จัดงาน',
  `state_id` int(11) unsigned DEFAULT NULL,
  `service_type_id` int(11) unsigned DEFAULT NULL,
  `created_date` varchar(32) DEFAULT NULL,
  `created_by` int(11) unsigned DEFAULT NULL COMMENT 'ไอดีลูกค้า',
  `created_at` datetime DEFAULT NULL,
  `updated_at` datetime DEFAULT NULL,
  PRIMARY KEY (`id`),
  KEY `bank_account_order_id` (`bank_account_id`),
  KEY `country_order_id` (`country_id`),
  KEY `occasion_type_order_id` (`occasion_type_id`),
  KEY `service_type_id` (`service_type_id`),
  KEY `state_order_id` (`state_id`),
  KEY `user_order_id` (`created_by`),
  CONSTRAINT `bank_account_order_id` FOREIGN KEY (`bank_account_id`) REFERENCES `tb_bank_accounts` (`id`) ON DELETE CASCADE ON UPDATE CASCADE,
  CONSTRAINT `country_order_id` FOREIGN KEY (`country_id`) REFERENCES `tb_countries` (`id`) ON DELETE CASCADE ON UPDATE CASCADE,
  CONSTRAINT `occasion_type_order_id` FOREIGN KEY (`occasion_type_id`) REFERENCES `tb_occasion_types` (`id`) ON DELETE CASCADE ON UPDATE CASCADE,
  CONSTRAINT `service_type_id` FOREIGN KEY (`service_type_id`) REFERENCES `tb_service_types` (`id`) ON DELETE CASCADE ON UPDATE CASCADE,
  CONSTRAINT `state_order_id` FOREIGN KEY (`state_id`) REFERENCES `tb_states` (`id`) ON DELETE CASCADE ON UPDATE CASCADE,
  CONSTRAINT `user_order_id` FOREIGN KEY (`created_by`) REFERENCES `tb_users` (`id`) ON DELETE CASCADE ON UPDATE CASCADE
) ENGINE=InnoDB AUTO_INCREMENT=38 DEFAULT CHARSET=utf8;

--
-- Dumping data for table `tb_orders`
--

INSERT INTO `tb_orders` VALUES (1,'A000000001',900.00,'1539697601-xl227.jpeg',1,'C','A001','files/1539701157-wLYxN.pdf','C',2,252,'012019',NULL,1,'16/10/2018 20:46:00',606,'2018-10-16 20:48:16','2018-10-16 21:46:31'),(2,'D000000001',400.00,'1542815834-jETKY.jpg',1,'C','D001','files/1542816554-EM1Dn.pdf','C',8,NULL,NULL,NULL,1,'24/08/2018 23:48:00',607,'2018-11-21 23:02:01','2018-11-21 23:09:16'),(3,'D000000002',500.00,'1542817806-jqSgg.jpg',1,'C','D002','files/1542818003-8wG7z.pdf','C',8,NULL,NULL,NULL,1,'19/09/2018 20:15:00',608,'2018-11-21 23:31:46','2018-11-21 23:33:25'),(4,'K000000001',800.00,'1542818242-cwm6R.jpg',1,'C','K001','files/1542818577-W5Ejo.pdf','C',9,NULL,NULL,NULL,1,'12/07/2018 00:19:00',609,'2018-11-21 23:40:41','2018-11-21 23:42:58'),(5,'K000000002',880.00,'1542818761-m5aBd.jpg',1,'C','K002','files/1542819040-3zrXs.pdf','C',9,NULL,NULL,NULL,1,'03/01/2018 09:02:00',610,'2018-11-21 23:49:27','2018-11-21 23:50:42'),(6,'A000000002',500.00,'1543127207-V9w8v.jpeg',1,'C','A002','files/1543146726-btewb.pdf','C',3,252,'022019',NULL,1,'25/11/2018 13:25:00',611,'2018-11-25 13:27:42','2018-11-25 18:52:10'),(7,'A000000003',500.00,'1543285555-gwtGL.PNG',1,'C','A003','files/1543294223-QjSVm.pdf','C',3,252,'032019',NULL,1,'27/11/2017 09:24:00',612,'2018-11-27 09:37:40','2018-11-27 11:51:01'),(8,'A000000004',500.00,'1543572312-GlLWi.jpg',1,'C','A004','files/1543580189-6KERu.pdf','C',6,252,'122018',NULL,1,'30/11/2018 17:04:00',613,'2018-11-30 17:06:07','2018-11-30 19:16:30'),(9,'A000000005',900.00,'1544414292-EKbEP.jpeg',1,'C','A005','files/1544422473-edvq0.pdf','C',2,252,'022019',NULL,1,'10/12/2018 10:57:00',614,'2018-12-10 11:01:42','2018-12-10 13:14:46'),(10,'A000000006',900.00,'1546065039-o54q2.jpg',1,'C','A006','files/1546094014-Q7YcA.pdf','C',2,252,'042019',NULL,1,'29/12/2018 13:28:00',615,'2018-12-29 13:32:58','2018-12-29 21:33:42'),(11,'A000000007',500.00,'1546575540-nMzYJ.jpg',1,'C','A007','files/1546609256-h1ULO.pdf','C',3,252,'112019',NULL,1,'04/01/2018 11:18:00',616,'2019-01-04 11:19:52','2019-01-04 20:41:01'),(12,'T000000001',500.00,'1546928520-IBfAX.jpeg',1,'I','T001',NULL,'I',1,NULL,NULL,NULL,1,'08/01/2019 13:20:00',617,'2019-01-08 13:23:48','2019-01-08 13:23:48'),(13,'T000000002',500.00,'1546930084-WvVnF.jpeg',1,'I','T002',NULL,'I',1,NULL,NULL,NULL,1,'08/01/2019 13:20:00',618,'2019-01-08 13:49:22','2019-01-08 13:49:22'),(14,'A000000008',900.00,'1547045296-bqkbf.jpeg',1,'C','A008','files/1547089738-WkST5.pdf','C',2,252,'022019',NULL,1,'09/01/2019 21:48:00',619,'2019-01-09 21:49:58','2019-01-10 10:09:01'),(15,'T000000003',500.00,'1547362738-JNsHP.jpeg',1,'C','T003','files/1547385248-taHnU.pdf','C',1,NULL,NULL,NULL,1,'13/01/2019 13:57:00',620,'2019-01-13 14:01:47','2019-01-13 20:14:10'),(16,'A000000009',500.00,'1548248561-yrBe5.jpg',1,'C','A009','files/1548265688-gENKB.pdf','C',3,252,'092019',NULL,1,'23/01/2019 20:01:00',621,'2019-01-23 20:05:23','2019-01-24 00:48:13'),(17,'A000000010',500.00,'1553753683-DlEtw.jpeg',1,'C','A010','files/1553756093-8mlZ3.pdf','C',3,252,'092019',NULL,1,'28/03/2019 13:14:00',622,'2019-03-28 13:15:25','2019-03-28 13:54:58'),(18,'A000000011',900.00,'1554350212-Aq9LI.jpg',1,'C','A011','files/1554353925-ISP7H.pdf','C',2,252,'042019',NULL,1,'04/04/2019 10:00:00',623,'2019-04-04 10:58:26','2019-04-04 11:58:49'),(19,'A000000012',900.00,'1558245717-DYmY5.jpeg',1,'I','A012',NULL,'I',2,252,'052019',NULL,1,'19/05/2019 12:46:00',624,'2019-05-19 13:03:47','2019-05-19 13:03:47'),(20,'A000000013',900.00,'1558686599-b9K6g.jpeg',1,'I','A013',NULL,'I',2,252,'062019',NULL,1,'24/05/2019 15:20:00',625,'2019-05-24 15:30:14','2019-05-24 15:30:14'),(21,'T000000004',500.00,'1559546416-bhNRQ.jpeg',1,'I','T004',NULL,'I',1,252,NULL,NULL,1,'03/06/2019 14:13:00',626,'2019-06-03 14:23:34','2019-06-03 14:23:34'),(22,'A000000014',900.00,'1561181374-RpzJL.jpeg',1,'I','A014',NULL,'I',2,252,'062019',NULL,1,'22/06/2019 12:29:00',627,'2019-06-22 12:30:28','2019-06-22 12:30:28'),(23,'A000000015',500.00,'1565611279-ZxPzw.jpeg',1,'C','A015',NULL,'I',3,252,'022020',NULL,1,'12/08/2019 19:00:00',628,'2019-08-12 19:03:51','2019-08-12 20:09:43'),(24,'A000000016',900.00,'1567580249-Dqk12.jpg',1,'C','A016',NULL,'I',2,252,'102019',NULL,1,'04/09/2019 13:49:00',629,'2019-09-04 13:58:30','2019-09-04 14:18:58'),(25,'A000000016',900.00,'1567580249-Dqk12.jpg',1,'C','A016',NULL,'I',2,252,'102019',NULL,1,'04/09/2019 13:49:00',630,'2019-09-04 13:58:35','2019-09-04 14:02:30'),(26,'A000000017',900.00,'1572160369-rpksS.png',1,'I','A017',NULL,'I',2,252,'102019',NULL,1,'27/10/2019 23:00:00',631,'2019-10-27 14:14:48','2019-10-27 14:14:48'),(27,'D000000003',900.00,'1572258076-NaHFN.png',1,'I','D003',NULL,'I',8,NULL,NULL,NULL,1,'28/10/2019 17:14:00',632,'2019-10-28 17:23:05','2019-10-28 17:23:05'),(28,'A000000018',500.00,'1572835069-FTLC9.png',1,'I','A018',NULL,'I',4,252,'112019',NULL,1,'04/11/2019 09:33:00',633,'2019-11-04 09:39:50','2019-11-04 09:39:50'),(29,'A000000019',500.00,'1573281193-jmKLA.jpeg',1,'I','A019',NULL,'I',4,252,'112019',NULL,1,'09/11/2019 13:32:00',634,'2019-11-09 13:35:43','2019-11-09 13:35:43'),(30,'A000000020',500.00,'1577348706-ejXfg.jpg',1,'I','A020',NULL,'I',3,252,'052020',NULL,1,'26/12/2019 15:16:00',635,'2019-12-26 15:26:42','2019-12-26 15:26:42'),(31,'A000000021',900.00,'1577599697-5sMCo.png',1,'I','A021',NULL,'I',2,252,'012020',NULL,1,'29/12/2019 13:02:00',636,'2019-12-29 13:09:27','2019-12-29 13:09:27'),(32,'T000000005',500.00,'1578388170-sVbqm.jpeg',1,'I','T005',NULL,'I',1,NULL,NULL,NULL,1,'07/01/2020 16:08:00',637,'2020-01-07 16:16:29','2020-01-07 16:16:29'),(33,'A000000022',900.00,'1580267460-s27Qv.jpg',1,'I','A022',NULL,'I',2,252,'072020',NULL,1,'29/01/2020 10:10:00',638,'2020-01-29 10:12:37','2020-01-29 10:12:37'),(34,'A000000023',500.00,'1582279395-x2ugb.jpeg',1,'I','A023',NULL,'I',3,252,'032021',NULL,1,'21/02/2020 04:55:00',639,'2020-02-21 17:04:49','2020-02-21 17:04:49'),(35,'A000000024',500.00,'1590465260-YEALO.jpg',1,'I','A024',NULL,'I',4,252,'062020',NULL,1,'26/05/2020 10:52:00',640,'2020-05-26 10:58:21','2020-05-26 10:58:21'),(36,'A000000024',500.00,'1590465260-YEALO.jpg',1,'I','A024',NULL,'I',4,252,'062020',NULL,1,'26/05/2020 10:52:00',641,'2020-05-26 10:58:25','2020-05-26 10:58:25'),(37,'T000000006',500.00,'1592986560-57y90.jpg',1,'I','T006',NULL,'I',1,NULL,NULL,NULL,1,'24/06/2020 15:12:00',642,'2020-06-24 15:17:40','2020-06-24 15:17:40');

--
-- Table structure for table `tb_seo_homes`
--

CREATE TABLE `tb_seo_homes` (
  `id` int(11) NOT NULL AUTO_INCREMENT COMMENT '1 = home 2 = calendar',
  `title` varchar(255) DEFAULT NULL,
  `description` text,
  `keyword` varchar(255) DEFAULT NULL,
  `created_at` timestamp NULL DEFAULT NULL,
  `updated_at` timestamp NULL DEFAULT NULL ON UPDATE CURRENT_TIMESTAMP,
  PRIMARY KEY (`id`)
) ENGINE=InnoDB AUTO_INCREMENT=3 DEFAULT CHARSET=utf8;

--
-- Dumping data for table `tb_seo_homes`
--

INSERT INTO `tb_seo_homes` VALUES (1,'ฤกษ์คลอด ดวงชะตา ฤกษ์คนไทยทั้งในและนอกประเทศ - Payong','ดูฤกษ์คลอด ดวงชะตา กับอาจารย์พยงค์ ที่มีประสบการณ์ทางด้านโหราศาสตร์มา ๔๐ ปี ด้วยความเชี่ยวชาญของท่าน จึงเป็นที่ยอมรับกันมาอย่างยาวนาน','ฤกษ์คลอด, ดวงชะตา, ฤกษ์, ดวงชะตา',NULL,'2019-02-14 09:30:17'),(2,NULL,NULL,NULL,NULL,NULL);

--
-- Table structure for table `tb_service_types`
--

CREATE TABLE `tb_service_types` (
  `id` int(11) unsigned NOT NULL AUTO_INCREMENT COMMENT 'ไอดีประเภทบริการ',
  `name` varchar(45) DEFAULT NULL COMMENT 'ชื่อบริการ',
  `created_by` int(11) DEFAULT NULL,
  `created_at` datetime DEFAULT NULL,
  `updated_at` datetime DEFAULT NULL,
  PRIMARY KEY (`id`)
) ENGINE=InnoDB AUTO_INCREMENT=3 DEFAULT CHARSET=utf8;

--
-- Dumping data for table `tb_service_types`
--

INSERT INTO `tb_service_types` VALUES (1,'ไทย',NULL,'2018-08-15 15:39:52','2018-08-15 15:39:52'),(2,'อังกฤษ',NULL,'2018-08-15 15:40:02','2018-08-15 15:40:02');

--
-- Table structure for table `tb_states`
--

CREATE TABLE `tb_states` (
  `id` int(11) unsigned NOT NULL AUTO_INCREMENT COMMENT 'ไอดีรัฐ',
  `name` varchar(45) DEFAULT NULL COMMENT 'ชื่อรัฐ',
  `country_id` int(11) unsigned DEFAULT NULL,
  `created_by` int(11) DEFAULT NULL,
  `created_at` datetime DEFAULT NULL,
  `updated_at` datetime DEFAULT NULL,
  PRIMARY KEY (`id`),
  KEY `fk_tb_states_tb_countries_1` (`country_id`),
  CONSTRAINT `fk_tb_states_tb_countries_1` FOREIGN KEY (`country_id`) REFERENCES `tb_countries` (`id`) ON DELETE NO ACTION ON UPDATE NO ACTION
) ENGINE=InnoDB AUTO_INCREMENT=243 DEFAULT CHARSET=utf8;

--
-- Dumping data for table `tb_states`
--

INSERT INTO `tb_states` VALUES (1,'Australian Capital Territory (ACT) with Canbe',14,NULL,NULL,NULL),(2,'Lord Howe Island (New South Wales)',14,NULL,NULL,NULL),(3,'Macquarie Island (Tasmania)',14,NULL,NULL,NULL),(4,'New South Wales',14,NULL,NULL,NULL),(5,'Northern Territory',14,NULL,NULL,NULL),(6,'Queensland',14,NULL,NULL,NULL),(7,'South Australia',14,NULL,NULL,NULL),(8,'Tasmania',14,NULL,NULL,NULL),(9,'Victoria',14,NULL,NULL,NULL),(10,'Western Australia',14,NULL,NULL,NULL),(11,'Acre',31,NULL,NULL,NULL),(12,'Alagoas',31,NULL,NULL,NULL),(13,'Amapa',31,NULL,NULL,NULL),(14,'Amazonas',31,NULL,NULL,NULL),(15,'Bahia',31,NULL,NULL,NULL),(16,'Ceara',31,NULL,NULL,NULL),(17,'Distrito Federal',31,NULL,NULL,NULL),(18,'Espirito Santo',31,NULL,NULL,NULL),(19,'Goias',31,NULL,NULL,NULL),(20,'Maranhao',31,NULL,NULL,NULL),(21,'Mato Grosso',31,NULL,NULL,NULL),(22,'Mato Grosso do Sul',31,NULL,NULL,NULL),(23,'Minas Gerais',31,NULL,NULL,NULL),(24,'Para',31,NULL,NULL,NULL),(25,'Paraiba',31,NULL,NULL,NULL),(26,'Parana',31,NULL,NULL,NULL),(27,'Pernambuco',31,NULL,NULL,NULL),(28,'Piaui',31,NULL,NULL,NULL),(29,'Rio de Janeiro',31,NULL,NULL,NULL),(30,'Rio Grande do Norte',31,NULL,NULL,NULL),(31,'Rio Grande do Sul',31,NULL,NULL,NULL),(32,'Rondonia',31,NULL,NULL,NULL),(33,'Roraima',31,NULL,NULL,NULL),(34,'Santa Catarina',31,NULL,NULL,NULL),(35,'Sao Paulo',31,NULL,NULL,NULL),(36,'Sergipe',31,NULL,NULL,NULL),(37,'small islands in Atlantic (Fernando de Noronh',31,NULL,NULL,NULL),(38,'Southwest Amazonas',31,NULL,NULL,NULL),(39,'Tocantins',31,NULL,NULL,NULL),(40,'Alberta',41,NULL,NULL,NULL),(41,'British Columbia',41,NULL,NULL,NULL),(42,'Labrador, except of southeastern coast',41,NULL,NULL,NULL),(43,'Manitoba',41,NULL,NULL,NULL),(44,'New Brunswick',41,NULL,NULL,NULL),(45,'Newfoundland and southeastern coast of Labrad',41,NULL,NULL,NULL),(46,'Northwest Territories',41,NULL,NULL,NULL),(47,'Nova Scotia',41,NULL,NULL,NULL),(48,'Nunavut',41,NULL,NULL,NULL),(49,'Ontario',41,NULL,NULL,NULL),(50,'Prince Edward Island',41,NULL,NULL,NULL),(51,'Quebec',41,NULL,NULL,NULL),(52,'Saskatchewan',41,NULL,NULL,NULL),(53,'Yukon',41,NULL,NULL,NULL),(54,'Easter Island',47,NULL,NULL,NULL),(55,'Magallanes Region',47,NULL,NULL,NULL),(56,'main territory',47,NULL,NULL,NULL),(57,'eastern part',53,NULL,NULL,NULL),(58,'western part',53,NULL,NULL,NULL),(59,'Galapagos Province',67,NULL,NULL,NULL),(61,'Gambier Islands (France)',81,NULL,NULL,NULL),(62,'Marquesas Islands (France)',81,NULL,NULL,NULL),(63,'Tahiti Island (France)',81,NULL,NULL,NULL),(64,'Danmarkshavn',89,NULL,NULL,NULL),(65,'Ittoqqortoormiit',89,NULL,NULL,NULL),(66,'most of',89,NULL,NULL,NULL),(67,'Station Nord',89,NULL,NULL,NULL),(68,'Thule Air Base',89,NULL,NULL,NULL),(69,'Central Kalimantan',104,NULL,NULL,NULL),(70,'East Kalimantan',104,NULL,NULL,NULL),(71,'Java Island',104,NULL,NULL,NULL),(72,'Lesser Sunda Islands',104,NULL,NULL,NULL),(73,'Maluku Islands',104,NULL,NULL,NULL),(74,'North Kalimantan',104,NULL,NULL,NULL),(75,'Papua',104,NULL,NULL,NULL),(76,'South Kalimantan',104,NULL,NULL,NULL),(77,'Sulawesi Island',104,NULL,NULL,NULL),(78,'Sumatra Island',104,NULL,NULL,NULL),(79,'West Kalimantan',104,NULL,NULL,NULL),(80,'West Papua',104,NULL,NULL,NULL),(83,'Gilbert Islands',118,NULL,NULL,NULL),(84,'Line Islands',118,NULL,NULL,NULL),(85,'Phoenix Islands',118,NULL,NULL,NULL),(86,'Chihuahua',144,NULL,NULL,NULL),(88,'Nayarit',144,NULL,NULL,NULL),(89,'Sinaloa',144,NULL,NULL,NULL),(90,'state of Baja California',144,NULL,NULL,NULL),(91,'state of Quintana Roo',144,NULL,NULL,NULL),(92,'state of Sonora',144,NULL,NULL,NULL),(93,'states of Baja California Sur',144,NULL,NULL,NULL),(94,'states of Chuuk and Yap',145,NULL,NULL,NULL),(95,'states of Kosrae and Pohnpei',145,NULL,NULL,NULL),(97,'provinces of Khovd, Uvs, Bayan-Olgii',148,NULL,NULL,NULL),(98,'Bougainville Island',173,NULL,NULL,NULL),(100,'Azores',179,NULL,NULL,NULL),(102,'Altai Krai',184,NULL,NULL,NULL),(103,'Altai Republic',184,NULL,NULL,NULL),(104,'Amur Oblast',184,NULL,NULL,NULL),(105,'Arkhangelsk Oblast',184,NULL,NULL,NULL),(106,'Astrakhan Oblast',184,NULL,NULL,NULL),(107,'Belgorod Oblast',184,NULL,NULL,NULL),(108,'Bryansk Oblast',184,NULL,NULL,NULL),(109,'Chechen Republic',184,NULL,NULL,NULL),(110,'Chelyabinsk Oblast',184,NULL,NULL,NULL),(111,'Chukotka Autonomous Okrug',184,NULL,NULL,NULL),(112,'Chuvash Republic',184,NULL,NULL,NULL),(113,'Federal city',184,NULL,NULL,NULL),(114,'Irkutsk Oblast',184,NULL,NULL,NULL),(115,'Ivanovo Oblast',184,NULL,NULL,NULL),(116,'Jewish Autonomous Oblast',184,NULL,NULL,NULL),(117,'Kabardino-Balkar Republic',184,NULL,NULL,NULL),(118,'Kaliningrad Oblast',184,NULL,NULL,NULL),(119,'Kaluga Oblast',184,NULL,NULL,NULL),(120,'Kamchatka Krai',184,NULL,NULL,NULL),(121,'Karachay-Cherkess Republic',184,NULL,NULL,NULL),(122,'Kemerovo Oblast',184,NULL,NULL,NULL),(123,'Khabarovsk Krai',184,NULL,NULL,NULL),(124,'Khanty-Mansi Autonomous Okrug',184,NULL,NULL,NULL),(125,'Kirov Oblast',184,NULL,NULL,NULL),(126,'Komi Republic',184,NULL,NULL,NULL),(127,'Kostroma Oblast',184,NULL,NULL,NULL),(128,'Krasnodar Krai',184,NULL,NULL,NULL),(129,'Krasnoyarsk Krai',184,NULL,NULL,NULL),(130,'Kurgan Oblast',184,NULL,NULL,NULL),(131,'Kursk Oblast',184,NULL,NULL,NULL),(132,'Leningrad Oblast',184,NULL,NULL,NULL),(133,'Lipetsk Oblast',184,NULL,NULL,NULL),(134,'Magadan Oblast',184,NULL,NULL,NULL),(135,'Mari El Republic',184,NULL,NULL,NULL),(136,'Moscow Oblast',184,NULL,NULL,NULL),(137,'Murmansk Oblast',184,NULL,NULL,NULL),(138,'Nenets Autonomous Okrug',184,NULL,NULL,NULL),(139,'Nizhny Novgorod Oblast',184,NULL,NULL,NULL),(140,'Novgorod Oblast',184,NULL,NULL,NULL),(141,'Novosibirsk Oblast',184,NULL,NULL,NULL),(142,'Omsk Oblast',184,NULL,NULL,NULL),(143,'Orenburg Oblast',184,NULL,NULL,NULL),(144,'Oryol Oblast',184,NULL,NULL,NULL),(145,'Penza Oblast',184,NULL,NULL,NULL),(146,'Perm Krai',184,NULL,NULL,NULL),(147,'Primorsky Krai',184,NULL,NULL,NULL),(148,'Pskov Oblast',184,NULL,NULL,NULL),(149,'Republic of Adygea',184,NULL,NULL,NULL),(150,'Republic of Bashkortostan',184,NULL,NULL,NULL),(151,'Republic of Buryatia',184,NULL,NULL,NULL),(152,'Republic of Crimea',184,NULL,NULL,NULL),(153,'Republic of Dagestan',184,NULL,NULL,NULL),(154,'Republic of Ingushetia',184,NULL,NULL,NULL),(155,'Republic of Kalmykia',184,NULL,NULL,NULL),(156,'Republic of Karelia',184,NULL,NULL,NULL),(157,'Republic of Khakassia',184,NULL,NULL,NULL),(158,'Republic of Mordovia',184,NULL,NULL,NULL),(159,'Republic of North Ossetia-Alania',184,NULL,NULL,NULL),(160,'Republic of Tatarstan',184,NULL,NULL,NULL),(161,'Rostov Oblast',184,NULL,NULL,NULL),(162,'Ryazan Oblast',184,NULL,NULL,NULL),(163,'Sakha Republic',184,NULL,NULL,NULL),(164,'Sakhalin Oblast',184,NULL,NULL,NULL),(165,'Samara Oblast',184,NULL,NULL,NULL),(166,'Saratov Oblast',184,NULL,NULL,NULL),(167,'Smolensk Oblast',184,NULL,NULL,NULL),(168,'Stavropol Krai',184,NULL,NULL,NULL),(169,'Sverdlovsk Oblast',184,NULL,NULL,NULL),(170,'Tambov Oblast',184,NULL,NULL,NULL),(171,'Tomsk Oblast',184,NULL,NULL,NULL),(172,'Tula Oblast',184,NULL,NULL,NULL),(173,'Tuva Republic',184,NULL,NULL,NULL),(174,'Tver Oblast',184,NULL,NULL,NULL),(175,'Tyumen Oblast',184,NULL,NULL,NULL),(176,'Udmurt Republic',184,NULL,NULL,NULL),(177,'Ulyanovsk Oblast',184,NULL,NULL,NULL),(178,'Vladimir Oblast',184,NULL,NULL,NULL),(179,'Volgograd Oblast',184,NULL,NULL,NULL),(180,'Vologda Oblast',184,NULL,NULL,NULL),(181,'Voronezh Oblast',184,NULL,NULL,NULL),(182,'Yamalo-Nenets Autonomous Okrug',184,NULL,NULL,NULL),(183,'Yaroslavl Oblast',184,NULL,NULL,NULL),(184,'Zabaykalsky Krai',184,NULL,NULL,NULL),(185,'Canary Islands',213,NULL,NULL,NULL),(187,'Alabama',239,NULL,NULL,NULL),(188,'Alaska',239,NULL,NULL,NULL),(189,'Arizona',239,NULL,NULL,NULL),(190,'Arkansas',239,NULL,NULL,NULL),(191,'Baker Island and Howland Island',239,NULL,NULL,NULL),(192,'California',239,NULL,NULL,NULL),(193,'Colorado',239,NULL,NULL,NULL),(194,'Connecticut',239,NULL,NULL,NULL),(195,'Delaware',239,NULL,NULL,NULL),(196,'District of Columbia',239,NULL,NULL,NULL),(197,'Florida',239,NULL,NULL,NULL),(198,'Georgia',239,NULL,NULL,NULL),(199,'Hawaii',239,NULL,NULL,NULL),(200,'Idaho',239,NULL,NULL,NULL),(201,'Illinois',239,NULL,NULL,NULL),(202,'Indiana',239,NULL,NULL,NULL),(203,'Iowa',239,NULL,NULL,NULL),(204,'Jarvis Island, Midway Atoll, Palmyra Atoll, a',239,NULL,NULL,NULL),(205,'Johnston Atoll',239,NULL,NULL,NULL),(206,'Kansas',239,NULL,NULL,NULL),(207,'Kentucky',239,NULL,NULL,NULL),(208,'Louisiana',239,NULL,NULL,NULL),(209,'Maine',239,NULL,NULL,NULL),(210,'Maryland',239,NULL,NULL,NULL),(211,'Massachusetts',239,NULL,NULL,NULL),(212,'Michigan',239,NULL,NULL,NULL),(213,'Minnesota',239,NULL,NULL,NULL),(214,'Mississippi',239,NULL,NULL,NULL),(215,'Missouri',239,NULL,NULL,NULL),(216,'Montana',239,NULL,NULL,NULL),(217,'Navassa Island',239,NULL,NULL,NULL),(218,'Nebraska',239,NULL,NULL,NULL),(219,'Nevada',239,NULL,NULL,NULL),(220,'New Hampshire',239,NULL,NULL,NULL),(221,'New Jersey',239,NULL,NULL,NULL),(222,'New Mexico',239,NULL,NULL,NULL),(223,'New York',239,NULL,NULL,NULL),(224,'North Carolina',239,NULL,NULL,NULL),(225,'North Dakota',239,NULL,NULL,NULL),(226,'Ohio',239,NULL,NULL,NULL),(227,'Oklahoma',239,NULL,NULL,NULL),(228,'Oregon',239,NULL,NULL,NULL),(229,'Pennsylvania',239,NULL,NULL,NULL),(230,'Rhode Island',239,NULL,NULL,NULL),(231,'South Carolina',239,NULL,NULL,NULL),(232,'South Dakota',239,NULL,NULL,NULL),(233,'Tennessee',239,NULL,NULL,NULL),(234,'Texas',239,NULL,NULL,NULL),(235,'Utah',239,NULL,NULL,NULL),(236,'Vermont',239,NULL,NULL,NULL),(237,'Virginia',239,NULL,NULL,NULL),(238,'Wake Island',239,NULL,NULL,NULL),(239,'Washington',239,NULL,NULL,NULL),(240,'West Virginia',239,NULL,NULL,NULL),(241,'Wisconsin',239,NULL,NULL,NULL),(242,'Wyoming',239,NULL,NULL,NULL);



